{"id":900,"date":"2020-12-30T08:23:46","date_gmt":"2020-12-30T08:23:46","guid":{"rendered":"https:\/\/passim.qodeinteractive.com\/?post_type=product&#038;p=900"},"modified":"2024-09-25T14:39:35","modified_gmt":"2024-09-25T14:39:35","slug":"kondicionierius-10","status":"publish","type":"product","link":"https:\/\/kasperindre.lt\/?product=kondicionierius-10","title":{"rendered":"PLAUKUS STORINANTIS KONDICIONIERIUS PH: 4 | REPLUMPING"},"content":{"rendered":"\t\t<div data-elementor-type=\"wp-post\" data-elementor-id=\"900\" class=\"elementor elementor-900\" data-elementor-settings=\"[]\">\n\t\t\t\t\t\t\t<div class=\"elementor-section-wrap\">\n\t\t\t\t\t\t\t<section class=\"elementor-section elementor-top-section elementor-element elementor-element-f30aed5 elementor-section-full_width elementor-section-height-default elementor-section-height-default qodef-elementor-content-no\" data-id=\"f30aed5\" data-element_type=\"section\">\n\t\t\t\t\t\t<div class=\"elementor-container elementor-column-gap-default\">\n\t\t\t\t\t<div class=\"elementor-column elementor-col-100 elementor-top-column elementor-element elementor-element-68fe7cf\" data-id=\"68fe7cf\" data-element_type=\"column\">\n\t\t\t<div class=\"elementor-widget-wrap elementor-element-populated\">\n\t\t\t\t\t\t\t\t<div class=\"elementor-element elementor-element-09d4d32 elementor-widget elementor-widget-text-editor\" data-id=\"09d4d32\" data-element_type=\"widget\" data-widget_type=\"text-editor.default\">\n\t\t\t\t<div class=\"elementor-widget-container\">\n\t\t\t\t\t\t\t<div class=\"easytabs-text\"><p>Kondicionierius sukurtas tam, kad suteikt\u0173 plaukams dar daugiau tankumo, elastingumo bei palengvint\u0173 i\u0161\u0161ukavim\u0105.\u00a0Atrinktos nat\u016bralios aktyviosios sud\u0117tin\u0117s med\u017eiagos dr\u0117kina ir saugo plaukus.<\/p><\/div><div id=\"4710829850756\" class=\"easytabs-container tab-widget-4710829850756 easytabs-inited\" data-et-min-width=\"0\" data-et-auto-accordion=\"0\" data-et-cbw=\"1\" data-et-cbr=\"3\" data-et-sta=\"1\" data-et-amp=\"0\" data-et-flx=\"0\" data-et-wt=\"0\" data-et-ao=\"1\" data-et-tabs-width=\"295\"><div class=\"easytabs-holder easytabs-accordion\"><h5><a class=\"ui-tabs-anchor js-no-transition\">Kaip naudoti?<\/a><\/h5><div class=\"easytabs-contents\"><div class=\"easytabs-content-item easytabs-active\" data-et-marker=\"tabs-replumping-plaukus-storinantis-kondicionierius-ph-4-2\" data-et-handle=\"tabs-kaip-naudoti\"><div class=\"easytabs-content-holder\" aria-labelledby=\"easytabs-slide-label-4710829850756-0\" aria-expanded=\"true\" aria-hidden=\"false\"><p>Po \u0161amp\u016bno pa\u0161alinkite vandens pertekli\u0173 ir tepkite produkt\u0105 per vis\u0105 plauko ilg\u012f iki pa\u010di\u0173 galiuk\u0173. Palaikykite 2-3 minutes, tada i\u0161\u0161ukuokite ir gerai nuplaukite.<\/p><h5 class=\"easytabs-accordion-item\" tabindex=\"0\" aria-labelledby=\"easytabs-slide-label-4710829850756-1\" aria-selected=\"true\"><a class=\"ui-tabs-anchor js-no-transition\">Sudedamosios dalys<\/a><\/h5><div class=\"easytabs-content-holder\" aria-labelledby=\"easytabs-slide-label-4710829850756-1\" aria-expanded=\"true\" aria-hidden=\"false\"><p>Linija yra praturtinta slyv\u0173 fitocitais, turin\u010diais daug polifenoli\u0173 ir flavonoid\u0173, tauri\u0173j\u0173 antioksidant\u0173, kurie kovoja su laisvaisiais radikalais ir pasi\u017eymi tonizuojan\u010diomis bei plaukui elastingum\u0105 suteikian\u010diomis savyb\u0117mis.<\/p><p>AQUA \/ WATER \/ EAU, GLYCERIN, CETYL ALCOHOL, CETRIMONIUM CHLORIDE, CETEARYL ALCOHOL, BENZYL ALCOHOL, PARFUM \/ FRAGRANCE, SIMMONDSIA CHINENSIS SEED OIL \/ SIMMONDSIA CHINENSIS (JOJOBA) SEED OIL, PRUNUS DOMESTICA FRUIT EXTRACT, LIMONENE, SODIUM BENZOATE, DISODIUM EDTA, CITRIC ACID, CITRAL.<\/p><\/div><\/div><\/div><\/div><\/div><\/div>\t\t\t\t\t\t<\/div>\n\t\t\t\t<\/div>\n\t\t\t\t\t<\/div>\n\t\t<\/div>\n\t\t\t\t\t\t\t<\/div>\n\t\t<\/section>\n\t\t\t\t\t\t<\/div>\n\t\t\t\t\t<\/div>\n\t\t","protected":false},"excerpt":{"rendered":"<p>Kondicionierius sukurtas tam, kad suteikt\u0173 plaukams dar daugiau tankumo, elastingumo bei palengvint\u0173 i\u0161\u0161ukavim\u0105.\u00a0Atrinktos nat\u016bralios aktyviosios sud\u0117tin\u0117s med\u017eiagos dr\u0117kina ir saugo plaukus.<\/p>\n","protected":false},"featured_media":10028,"comment_status":"open","ping_status":"closed","template":"","meta":{"om_disable_all_campaigns":false},"product_brand":[],"product_cat":[44,30],"product_tag":[28,33,68,49,47],"class_list":{"0":"post-900","1":"product","2":"type-product","3":"status-publish","4":"has-post-thumbnail","6":"product_cat-mini-produktai","7":"product_cat-kondicionieriai","8":"product_tag-dazyti-plaukai","9":"product_tag-garbanoti-plaukai","10":"product_tag-normalus-plaukai","11":"product_tag-ploni-plaukai","12":"product_tag-slenkantys-plaukai","14":"first","15":"instock","16":"shipping-taxable","17":"purchasable","18":"product-type-variable","19":"add-to-wishlist-before_image"},"aioseo_notices":[],"_links":{"self":[{"href":"https:\/\/kasperindre.lt\/index.php?rest_route=\/wp\/v2\/product\/900","targetHints":{"allow":["GET"]}}],"collection":[{"href":"https:\/\/kasperindre.lt\/index.php?rest_route=\/wp\/v2\/product"}],"about":[{"href":"https:\/\/kasperindre.lt\/index.php?rest_route=\/wp\/v2\/types\/product"}],"replies":[{"embeddable":true,"href":"https:\/\/kasperindre.lt\/index.php?rest_route=%2Fwp%2Fv2%2Fcomments&post=900"}],"version-history":[{"count":5,"href":"https:\/\/kasperindre.lt\/index.php?rest_route=\/wp\/v2\/product\/900\/revisions"}],"predecessor-version":[{"id":11068,"href":"https:\/\/kasperindre.lt\/index.php?rest_route=\/wp\/v2\/product\/900\/revisions\/11068"}],"wp:featuredmedia":[{"embeddable":true,"href":"https:\/\/kasperindre.lt\/index.php?rest_route=\/wp\/v2\/media\/10028"}],"wp:attachment":[{"href":"https:\/\/kasperindre.lt\/index.php?rest_route=%2Fwp%2Fv2%2Fmedia&parent=900"}],"wp:term":[{"taxonomy":"product_brand","embeddable":true,"href":"https:\/\/kasperindre.lt\/index.php?rest_route=%2Fwp%2Fv2%2Fproduct_brand&post=900"},{"taxonomy":"product_cat","embeddable":true,"href":"https:\/\/kasperindre.lt\/index.php?rest_route=%2Fwp%2Fv2%2Fproduct_cat&post=900"},{"taxonomy":"product_tag","embeddable":true,"href":"https:\/\/kasperindre.lt\/index.php?rest_route=%2Fwp%2Fv2%2Fproduct_tag&post=900"}],"curies":[{"name":"wp","href":"https:\/\/api.w.org\/{rel}","templated":true}]}}