{"id":3325,"date":"2021-01-06T10:26:04","date_gmt":"2021-01-06T10:26:04","guid":{"rendered":"https:\/\/passim.qodeinteractive.com\/?post_type=product&#038;p=3325"},"modified":"2024-09-25T13:39:22","modified_gmt":"2024-09-25T13:39:22","slug":"hair-mask","status":"publish","type":"product","link":"https:\/\/kasperindre.lt\/?product=hair-mask","title":{"rendered":"DETOKSIKUOJANTIS \u0160AMP\u016aNAS SU PILINGU PH: 5.4"},"content":{"rendered":"\t\t<div data-elementor-type=\"wp-post\" data-elementor-id=\"3325\" class=\"elementor elementor-3325\" data-elementor-settings=\"[]\">\n\t\t\t\t\t\t\t<div class=\"elementor-section-wrap\">\n\t\t\t\t\t\t\t<section class=\"elementor-section elementor-top-section elementor-element elementor-element-f30aed5 elementor-section-full_width elementor-section-height-default elementor-section-height-default qodef-elementor-content-no\" data-id=\"f30aed5\" data-element_type=\"section\">\n\t\t\t\t\t\t<div class=\"elementor-container elementor-column-gap-default\">\n\t\t\t\t\t<div class=\"elementor-column elementor-col-100 elementor-top-column elementor-element elementor-element-68fe7cf\" data-id=\"68fe7cf\" data-element_type=\"column\">\n\t\t\t<div class=\"elementor-widget-wrap elementor-element-populated\">\n\t\t\t\t\t\t\t\t<div class=\"elementor-element elementor-element-09d4d32 elementor-widget elementor-widget-text-editor\" data-id=\"09d4d32\" data-element_type=\"widget\" data-widget_type=\"text-editor.default\">\n\t\t\t\t<div class=\"elementor-widget-container\">\n\t\t\t\t\t\t\t<div class=\"easytabs-text\"><p>Tai gydantis \u0161amp\u016bnas, praturtintas nat\u016bralios kilm\u0117s aktyviomis med\u017eiagomis bei \u0161veitimo dalel\u0117mis. Sud\u0117tyje esan\u010dios simondsijos ir silicio granul\u0117s regeneruoja ir giliai valo galvos od\u0105,\u00a0 apsaugodamos j\u0105 nuo laisv\u0173j\u0173 radikal\u0173 poveikio.<\/p><\/div><div id=\"4710836994180\" class=\"easytabs-container tab-widget-4710836994180 easytabs-inited\" data-et-min-width=\"0\" data-et-auto-accordion=\"0\" data-et-cbw=\"1\" data-et-cbr=\"3\" data-et-sta=\"1\" data-et-amp=\"0\" data-et-flx=\"0\" data-et-wt=\"0\" data-et-ao=\"1\" data-et-tabs-width=\"295\"><div class=\"easytabs-holder easytabs-accordion\"><div class=\"easytabs-contents\"><div class=\"easytabs-content-item easytabs-active\" data-et-marker=\"tabs-detoxifying-sampunas-su-pilingu-ph-5-4-2\" data-et-handle=\"tabs-kaip-naudoti\"><h5 class=\"easytabs-accordion-item\" tabindex=\"0\" aria-labelledby=\"easytabs-slide-label-4710836994180-0\" aria-selected=\"true\"><a class=\"ui-tabs-anchor js-no-transition\">Kaip naudoti?<\/a><\/h5><div class=\"easytabs-content-holder\" aria-labelledby=\"easytabs-slide-label-4710836994180-0\" aria-expanded=\"true\" aria-hidden=\"false\"><p id=\"tw-target-text\" class=\"tw-data-text tw-text-large XcVN5d tw-ta\" dir=\"ltr\" data-placeholder=\"Vertimas\" data-pid=\"KJiUg\"><span lang=\"lt\">Produkt\u0105 naudokite ant sudr\u0117kint\u0173 plauk\u0173, \u0161velniai rankomis \u012ftrinkite \u012f galvos od\u0105. Masa\u017euokite, jei reikia, \u012fpilkite daugiau vandens. Gerai nuplaukite.<\/span><\/p><h5 class=\"easytabs-accordion-item\" tabindex=\"0\" aria-labelledby=\"easytabs-slide-label-4710836994180-1\" aria-selected=\"true\"><a class=\"ui-tabs-anchor js-no-transition\">Sudedamosios dalys<\/a><\/h5><div class=\"easytabs-content-holder\" aria-labelledby=\"easytabs-slide-label-4710836994180-1\" aria-expanded=\"true\" aria-hidden=\"false\"><p id=\"tw-target-text\" class=\"tw-data-text tw-text-large XcVN5d tw-ta\" dir=\"ltr\" data-placeholder=\"Vertimas\" data-pid=\"bLRGk\"><span lang=\"lt\">Formul\u0117 yra praturtinta fitocitais, i\u0161gautais i\u0161 arti\u0161ok\u0173, kuriuose gausu polifenoli\u0173, turin\u010di\u0173 labai stipri\u0105 antioksidacin\u0119 gali\u0105. Taip pat sud\u0117tyje dominuoja eteriniai aliejai.<\/span><\/p><p>Eteriniai aliejai: kardamonas, kalendra ir m\u0117ta. Stimuliuojantis, antiseptinis ir raminantis poveikis.<\/p><p>Eteriniai aliejai: ramun\u0117l\u0117, kedras, japoni\u0161ka \u017ealioji arbata. Raminantis, antioksidacinis ir antiu\u017edegiminis poveikis.<\/p><span class=\"specifics__item\"><span class=\"specifics__container\"><span class=\"specifics__list ingredients\">AQUA \/ WATER \/ EAU, SODIUM LAUROYL METHYL ISETHIONATE, GLYCERIN, COCAMIDOPROPYL BETAINE, DISODIUM COCOAMPHODIACETATE, DECYL GLUCOSIDE, SODIUM LAUROYL SARCOSINATE, SILICA, POLYSORBATE 20, ACRYLATES\/C10-30 ALKYL ACRYLATE CROSSPOLYMER, JOJOBA ESTERS, SODIUM CHLORIDE, BENZYL ALCOHOL, PARFUM \/ FRAGRANCE, SODIUM BENZOATE, GLYCOL DISTEARATE, COCO-GLUCOSIDE, TRISODIUM ETHYLENEDIAMINE DISUCCINATE, POLYQUATERNIUM-10, GLYCERYL OLEATE, GUAR HYDROXYPROPYLTRIMONIUM CHLORIDE, TETRASODIUM GLUTAMATE DIACETATE, CYNARA SCOLYMUS LEAF EXTRACT \/ CYNARA SCOLYMUS (ARTICHOKE) LEAF EXTRACT, SODIUM HYDROXIDE, CITRIC ACID, BENZYL BENZOATE, GLYCERYL STEARATE, POTASSIUM SORBATE, CI 77289 \/ CHROMIUM HYDROXIDE GREEN.<\/span><\/span><\/span><\/div><\/div><\/div><\/div><\/div><\/div>\t\t\t\t\t\t<\/div>\n\t\t\t\t<\/div>\n\t\t\t\t\t<\/div>\n\t\t<\/div>\n\t\t\t\t\t\t\t<\/div>\n\t\t<\/section>\n\t\t\t\t\t\t<\/div>\n\t\t\t\t\t<\/div>\n\t\t","protected":false},"excerpt":{"rendered":"<p>Tai gydantis \u0161amp\u016bnas, praturtintas nat\u016bralios kilm\u0117s aktyviomis med\u017eiagomis bei \u0161veitimo dalel\u0117mis.\u00a0Sud\u0117tyje esan\u010dios simondsijos ir silicio granul\u0117s regeneruoja ir giliai valo galvos od\u0105,\u00a0 apsaugodamos j\u0105 nuo laisv\u0173j\u0173 radikal\u0173 poveikio.<\/p>\n","protected":false},"featured_media":9800,"comment_status":"open","ping_status":"closed","template":"","meta":{"om_disable_all_campaigns":false},"product_brand":[],"product_cat":[15,44],"product_tag":[28,33,68,69,49,29],"class_list":{"0":"post-3325","1":"product","2":"type-product","3":"status-publish","4":"has-post-thumbnail","6":"product_cat-sampunai","7":"product_cat-mini-produktai","8":"product_tag-dazyti-plaukai","9":"product_tag-garbanoti-plaukai","10":"product_tag-normalus-plaukai","11":"product_tag-pleiskanojanti-galvos-oda","12":"product_tag-ploni-plaukai","13":"product_tag-siaustis-linke-plaukai","15":"first","16":"instock","17":"featured","18":"shipping-taxable","19":"purchasable","20":"product-type-variable","21":"has-default-attributes","22":"add-to-wishlist-before_image"},"aioseo_notices":[],"_links":{"self":[{"href":"https:\/\/kasperindre.lt\/index.php?rest_route=\/wp\/v2\/product\/3325","targetHints":{"allow":["GET"]}}],"collection":[{"href":"https:\/\/kasperindre.lt\/index.php?rest_route=\/wp\/v2\/product"}],"about":[{"href":"https:\/\/kasperindre.lt\/index.php?rest_route=\/wp\/v2\/types\/product"}],"replies":[{"embeddable":true,"href":"https:\/\/kasperindre.lt\/index.php?rest_route=%2Fwp%2Fv2%2Fcomments&post=3325"}],"version-history":[{"count":5,"href":"https:\/\/kasperindre.lt\/index.php?rest_route=\/wp\/v2\/product\/3325\/revisions"}],"predecessor-version":[{"id":10963,"href":"https:\/\/kasperindre.lt\/index.php?rest_route=\/wp\/v2\/product\/3325\/revisions\/10963"}],"wp:featuredmedia":[{"embeddable":true,"href":"https:\/\/kasperindre.lt\/index.php?rest_route=\/wp\/v2\/media\/9800"}],"wp:attachment":[{"href":"https:\/\/kasperindre.lt\/index.php?rest_route=%2Fwp%2Fv2%2Fmedia&parent=3325"}],"wp:term":[{"taxonomy":"product_brand","embeddable":true,"href":"https:\/\/kasperindre.lt\/index.php?rest_route=%2Fwp%2Fv2%2Fproduct_brand&post=3325"},{"taxonomy":"product_cat","embeddable":true,"href":"https:\/\/kasperindre.lt\/index.php?rest_route=%2Fwp%2Fv2%2Fproduct_cat&post=3325"},{"taxonomy":"product_tag","embeddable":true,"href":"https:\/\/kasperindre.lt\/index.php?rest_route=%2Fwp%2Fv2%2Fproduct_tag&post=3325"}],"curies":[{"name":"wp","href":"https:\/\/api.w.org\/{rel}","templated":true}]}}