{"id":12520,"date":"2024-11-25T13:55:11","date_gmt":"2024-11-25T13:55:11","guid":{"rendered":"https:\/\/kasperindre.lt\/?post_type=product&#038;p=12520"},"modified":"2024-11-25T13:57:34","modified_gmt":"2024-11-25T13:57:34","slug":"oway-atstatantis-balzamas-po-skutimosi-men-repairing-aftershave-balm","status":"publish","type":"product","link":"https:\/\/kasperindre.lt\/?product=oway-atstatantis-balzamas-po-skutimosi-men-repairing-aftershave-balm","title":{"rendered":"OWAY Atstatantis balzamas po skutimosi \u2013 men \/ Repairing aftershave balm"},"content":{"rendered":"\t\t<div data-elementor-type=\"wp-post\" data-elementor-id=\"12520\" class=\"elementor elementor-12520\" data-elementor-settings=\"[]\">\n\t\t\t\t\t\t\t<div class=\"elementor-section-wrap\">\n\t\t\t\t\t\t\t<section class=\"elementor-section elementor-top-section elementor-element elementor-element-6ea40d2a elementor-section-boxed elementor-section-height-default elementor-section-height-default qodef-elementor-content-no\" data-id=\"6ea40d2a\" data-element_type=\"section\">\n\t\t\t\t\t\t<div class=\"elementor-container elementor-column-gap-default\">\n\t\t\t\t\t<div class=\"elementor-column elementor-col-100 elementor-top-column elementor-element elementor-element-51d52156\" data-id=\"51d52156\" data-element_type=\"column\">\n\t\t\t<div class=\"elementor-widget-wrap elementor-element-populated\">\n\t\t\t\t\t\t\t\t<div class=\"elementor-element elementor-element-58d7feb6 elementor-widget elementor-widget-text-editor\" data-id=\"58d7feb6\" data-element_type=\"widget\" data-widget_type=\"text-editor.default\">\n\t\t\t\t<div class=\"elementor-widget-container\">\n\t\t\t\t\t\t\t<h5><strong>Atstatantis balzamas po skutimosi su biodinaminiu kadagiu, ekologi\u0161komis Maqui uogomis, eti\u0161kai gautais Bacuri vaisiais ir Sibiro \u017een\u0161eniu<br \/><\/strong><\/h5><p>\u2022 Patikrinta dermatolog\u0173.<br \/>\u2022 Atliktas nikelio tyrimas.<br \/>\u2022 Lengvos, ta\u010diau giliai atkurian\u010dios tekst\u016bros.<br \/>\u2022 Atstato od\u0105 po skutimo sukelt\u0173 mikropa\u017eeidim\u0173, toki\u0173 kaip smulk\u016bs \u012fbr\u0117\u017eimai ir \u012fpjovimai.<br \/>\u2022 Nuramina od\u0105 akimirsniu atgaivindamas ir nuramindamas.<br \/>\u2022 Kontroliuoja odos riebalavim\u0105si ir suteikia odai matin\u012f efekt\u0105.<br \/>\u2022 I\u0161lygina ir glotnina od\u0105.<br \/>\u2022 Biofermentai atstato, stiprina ir stangrina od\u0105.<\/p><p>\u00a0<\/p><h5><b>Tinka<br \/><\/b><\/h5><p>\u2022Vis\u0173 tip\u0173 odai.<\/p><p><img loading=\"lazy\" decoding=\"async\" class=\"alignnone size-large wp-image-12107\" src=\"http:\/\/kasperindre.lt\/wp-content\/uploads\/2024\/11\/Screenshot-2024-11-18-at-16.27.55-1024x306.png\" alt=\"\" width=\"1024\" height=\"306\" srcset=\"https:\/\/kasperindre.lt\/wp-content\/uploads\/2024\/11\/Screenshot-2024-11-18-at-16.27.55-1024x306.png 1024w, https:\/\/kasperindre.lt\/wp-content\/uploads\/2024\/11\/Screenshot-2024-11-18-at-16.27.55-300x90.png 300w, https:\/\/kasperindre.lt\/wp-content\/uploads\/2024\/11\/Screenshot-2024-11-18-at-16.27.55-768x230.png 768w, https:\/\/kasperindre.lt\/wp-content\/uploads\/2024\/11\/Screenshot-2024-11-18-at-16.27.55-1536x459.png 1536w, https:\/\/kasperindre.lt\/wp-content\/uploads\/2024\/11\/Screenshot-2024-11-18-at-16.27.55-2048x612.png 2048w, https:\/\/kasperindre.lt\/wp-content\/uploads\/2024\/11\/Screenshot-2024-11-18-at-16.27.55-18x5.png 18w, https:\/\/kasperindre.lt\/wp-content\/uploads\/2024\/11\/Screenshot-2024-11-18-at-16.27.55-600x179.png 600w\" sizes=\"auto, (max-width: 1024px) 100vw, 1024px\" \/><\/p><h5 class=\"yikes-custom-woo-tab-title yikes-custom-woo-tab-title-naudojimas\">Naudojimas<\/h5><div class=\"page\" title=\"Page 16\"><div class=\"layoutArea\"><div class=\"column\"><p>Po skutimosi naudokite SOFTENING SHAVE CREAM, u\u017etepkite ant \u0161varios sausos odos.<\/p><h5 class=\"yikes-custom-woo-tab-title yikes-custom-woo-tab-title-aktyvus-ingredientai\">Aktyv\u016bs ingredientai<\/h5><p><img loading=\"lazy\" decoding=\"async\" class=\"alignleft  wp-image-5453 entered lazyloaded\" src=\"https:\/\/karera.lt\/wp-content\/uploads\/2022\/07\/KADAGYS-150x150.png\" sizes=\"auto, (max-width: 150px) 100vw, 150px\" srcset=\"https:\/\/karera.lt\/wp-content\/uploads\/2022\/07\/KADAGYS-150x150.png 150w, https:\/\/karera.lt\/wp-content\/uploads\/2022\/07\/KADAGYS-300x300.png 300w, https:\/\/karera.lt\/wp-content\/uploads\/2022\/07\/KADAGYS.png 500w\" alt=\"\" width=\"100\" height=\"100\" data-lazy-srcset=\"https:\/\/karera.lt\/wp-content\/uploads\/2022\/07\/KADAGYS-150x150.png 150w, https:\/\/karera.lt\/wp-content\/uploads\/2022\/07\/KADAGYS-300x300.png 300w, https:\/\/karera.lt\/wp-content\/uploads\/2022\/07\/KADAGYS.png 500w\" data-lazy-sizes=\"(max-width: 150px) 100vw, 150px\" data-lazy-src=\"https:\/\/karera.lt\/wp-content\/uploads\/2022\/07\/KADAGYS-150x150.png\" data-ll-status=\"loaded\" \/><br \/><strong>BIODINAMINIS KADAGYS<\/strong><br \/>Pasi\u017eymi raminan\u010diu ir mink\u0161tinan\u010diu poveikiu, ma\u017eina dirginim\u0105. Stimuliuoja galvos odos mikrocirkuliacij\u0105, padeda ma\u017einti plauk\u0173 slinkim\u0105 ir alopecij\u0105. Atstato plauk\u0173 pluo\u0161to stiprum\u0105.<\/p><div class=\"page\" title=\"Page 5\"><div class=\"layoutArea\"><div class=\"column\"><p>\u00a0<\/p><p><img loading=\"lazy\" decoding=\"async\" class=\"alignleft  wp-image-5454 entered lazyloaded\" src=\"https:\/\/karera.lt\/wp-content\/uploads\/2022\/07\/MAQUI-UOGOS-150x150.png\" sizes=\"auto, (max-width: 150px) 100vw, 150px\" srcset=\"https:\/\/karera.lt\/wp-content\/uploads\/2022\/07\/MAQUI-UOGOS-150x150.png 150w, https:\/\/karera.lt\/wp-content\/uploads\/2022\/07\/MAQUI-UOGOS-300x300.png 300w, https:\/\/karera.lt\/wp-content\/uploads\/2022\/07\/MAQUI-UOGOS.png 500w\" alt=\"\" width=\"101\" height=\"101\" data-lazy-srcset=\"https:\/\/karera.lt\/wp-content\/uploads\/2022\/07\/MAQUI-UOGOS-150x150.png 150w, https:\/\/karera.lt\/wp-content\/uploads\/2022\/07\/MAQUI-UOGOS-300x300.png 300w, https:\/\/karera.lt\/wp-content\/uploads\/2022\/07\/MAQUI-UOGOS.png 500w\" data-lazy-sizes=\"(max-width: 150px) 100vw, 150px\" data-lazy-src=\"https:\/\/karera.lt\/wp-content\/uploads\/2022\/07\/MAQUI-UOGOS-150x150.png\" data-ll-status=\"loaded\" \/><br \/><strong>EKOLOGI\u0160KOS MAQUI UOGOS<\/strong><br \/>Dar vadinama Patagonijos \u0161ilauoge, \u0161i uoga laikoma galingiausia gamtoje randama super uoga. Joje yra delfinidino, gaminan\u010dio energij\u0105 l\u0105stel\u0117je ir l\u0117tinan\u010dio sen\u0117jimo procesus.<\/p><div class=\"page\" title=\"Page 5\"><div class=\"layoutArea\"><div class=\"column\"><p>\u00a0<\/p><p><img loading=\"lazy\" decoding=\"async\" class=\"alignleft  wp-image-5456 entered lazyloaded\" src=\"https:\/\/karera.lt\/wp-content\/uploads\/2022\/07\/BACURIII-150x150.png\" sizes=\"auto, (max-width: 150px) 100vw, 150px\" srcset=\"https:\/\/karera.lt\/wp-content\/uploads\/2022\/07\/BACURIII-150x150.png 150w, https:\/\/karera.lt\/wp-content\/uploads\/2022\/07\/BACURIII-300x300.png 300w, https:\/\/karera.lt\/wp-content\/uploads\/2022\/07\/BACURIII.png 500w\" alt=\"\" width=\"100\" height=\"100\" data-lazy-srcset=\"https:\/\/karera.lt\/wp-content\/uploads\/2022\/07\/BACURIII-150x150.png 150w, https:\/\/karera.lt\/wp-content\/uploads\/2022\/07\/BACURIII-300x300.png 300w, https:\/\/karera.lt\/wp-content\/uploads\/2022\/07\/BACURIII.png 500w\" data-lazy-sizes=\"(max-width: 150px) 100vw, 150px\" data-lazy-src=\"https:\/\/karera.lt\/wp-content\/uploads\/2022\/07\/BACURIII-150x150.png\" data-ll-status=\"loaded\" \/><br \/><strong>ETI\u0160KAI GAUTI BACURI VAISIAI\u00a0<\/strong><br \/>\u0160iose uogose gausu vitamin\u0173 A, B ir\u00a0C, antioksidant\u0173 ir mineral\u0173, jos pasi\u017eymi mink\u0161tinamuoju poveikiu ir veikia kaip emolientas.<\/p><div class=\"page\" title=\"Page 5\"><div class=\"layoutArea\"><div class=\"column\"><p>\u00a0<\/p><p><img loading=\"lazy\" decoding=\"async\" class=\"alignleft  wp-image-5457 entered lazyloaded\" src=\"https:\/\/karera.lt\/wp-content\/uploads\/2022\/07\/ZEOLITAS-150x150.png\" sizes=\"auto, (max-width: 150px) 100vw, 150px\" srcset=\"https:\/\/karera.lt\/wp-content\/uploads\/2022\/07\/ZEOLITAS-150x150.png 150w, https:\/\/karera.lt\/wp-content\/uploads\/2022\/07\/ZEOLITAS-300x300.png 300w, https:\/\/karera.lt\/wp-content\/uploads\/2022\/07\/ZEOLITAS.png 500w\" alt=\"\" width=\"100\" height=\"100\" data-lazy-srcset=\"https:\/\/karera.lt\/wp-content\/uploads\/2022\/07\/ZEOLITAS-150x150.png 150w, https:\/\/karera.lt\/wp-content\/uploads\/2022\/07\/ZEOLITAS-300x300.png 300w, https:\/\/karera.lt\/wp-content\/uploads\/2022\/07\/ZEOLITAS.png 500w\" data-lazy-sizes=\"(max-width: 150px) 100vw, 150px\" data-lazy-src=\"https:\/\/karera.lt\/wp-content\/uploads\/2022\/07\/ZEOLITAS-150x150.png\" data-ll-status=\"loaded\" \/><br \/><strong>ZEOLITAS<\/strong><br \/>Pasi\u017eymi stres\u0105 ma\u017einan\u010diu ir detoksikuojan\u010diu poveikiu, praturtina mineralais. Ypa\u010d tinka jautriai odai.<\/p><\/div><\/div><\/div><\/div><\/div><\/div><\/div><\/div><\/div><p>\u00a0<\/p><p>\u00a0<\/p><div class=\"page\" title=\"Page 5\"><div class=\"layoutArea\"><div class=\"column\"><div class=\"page\" title=\"Page 5\"><div class=\"layoutArea\"><div class=\"column\"><div class=\"page\" title=\"Page 5\"><div class=\"layoutArea\"><div class=\"column\"><div class=\"page\" title=\"Page 5\"><div class=\"layoutArea\"><div class=\"column\"><p><img loading=\"lazy\" decoding=\"async\" class=\"alignleft  wp-image-5458 entered lazyloaded\" src=\"https:\/\/karera.lt\/wp-content\/uploads\/2022\/07\/ZENSENIS-150x150.png\" sizes=\"auto, (max-width: 150px) 100vw, 150px\" srcset=\"https:\/\/karera.lt\/wp-content\/uploads\/2022\/07\/ZENSENIS-150x150.png 150w, https:\/\/karera.lt\/wp-content\/uploads\/2022\/07\/ZENSENIS-300x300.png 300w, https:\/\/karera.lt\/wp-content\/uploads\/2022\/07\/ZENSENIS.png 500w\" alt=\"\" width=\"100\" height=\"100\" data-lazy-srcset=\"https:\/\/karera.lt\/wp-content\/uploads\/2022\/07\/ZENSENIS-150x150.png 150w, https:\/\/karera.lt\/wp-content\/uploads\/2022\/07\/ZENSENIS-300x300.png 300w, https:\/\/karera.lt\/wp-content\/uploads\/2022\/07\/ZENSENIS.png 500w\" data-lazy-sizes=\"(max-width: 150px) 100vw, 150px\" data-lazy-src=\"https:\/\/karera.lt\/wp-content\/uploads\/2022\/07\/ZENSENIS-150x150.png\" data-ll-status=\"loaded\" \/><br \/><strong>SIBIRO \u017dEN\u0160ENIS<\/strong><br \/>Suteikia l\u0105stele\u0307ms energijos, tod\u0117l idealiai tinka odai atstatyti po streso poveikio, o taip pat stiprina odos imunin\u0119 sistem\u0105.<\/p><\/div><\/div><\/div><\/div><\/div><\/div><\/div><\/div><\/div><\/div><\/div><\/div><p>\u00a0<\/p><p>\u00a0<\/p><div class=\"page\" title=\"Page 5\"><div class=\"layoutArea\"><div class=\"column\"><div class=\"page\" title=\"Page 5\"><div class=\"layoutArea\"><div class=\"column\"><div class=\"page\" title=\"Page 5\"><div class=\"layoutArea\"><div class=\"column\"><div class=\"page\" title=\"Page 7\"><div class=\"layoutArea\"><div class=\"column\"><p><img loading=\"lazy\" decoding=\"async\" class=\"alignleft  wp-image-5425 entered lazyloaded\" src=\"https:\/\/karera.lt\/wp-content\/uploads\/2022\/07\/RICEEE-150x150.png\" sizes=\"auto, (max-width: 150px) 100vw, 150px\" srcset=\"https:\/\/karera.lt\/wp-content\/uploads\/2022\/07\/RICEEE-150x150.png 150w, https:\/\/karera.lt\/wp-content\/uploads\/2022\/07\/RICEEE-300x300.png 300w, https:\/\/karera.lt\/wp-content\/uploads\/2022\/07\/RICEEE.png 500w\" alt=\"\" width=\"100\" height=\"100\" data-lazy-srcset=\"https:\/\/karera.lt\/wp-content\/uploads\/2022\/07\/RICEEE-150x150.png 150w, https:\/\/karera.lt\/wp-content\/uploads\/2022\/07\/RICEEE-300x300.png 300w, https:\/\/karera.lt\/wp-content\/uploads\/2022\/07\/RICEEE.png 500w\" data-lazy-sizes=\"(max-width: 150px) 100vw, 150px\" data-lazy-src=\"https:\/\/karera.lt\/wp-content\/uploads\/2022\/07\/RICEEE-150x150.png\" data-ll-status=\"loaded\" \/><br \/><strong>BIOFERMENTAI<\/strong><br \/>\u0160ios med\u017eiagos apr\u016bpina l\u0105steles svarbiausiomis maisto med\u017eiagomis, taip pat kompensuoja toki\u0173 med\u017eiag\u0173 tr\u016bkum\u0105. Jos taip pat stiprina audini\u0173 l\u0105steli\u0173 tarpusavio ry\u0161ius, tod\u0117l padid\u0117ja audini\u0173 tankis. Be to, stimuliuojamas odos atsistatymas ir regeneracija.<\/p><\/div><\/div><\/div><\/div><\/div><\/div><\/div><\/div><\/div><\/div><\/div><\/div><\/div><\/div><\/div>\t\t\t\t\t\t<\/div>\n\t\t\t\t<\/div>\n\t\t\t\t\t<\/div>\n\t\t<\/div>\n\t\t\t\t\t\t\t<\/div>\n\t\t<\/section>\n\t\t\t\t\t\t<\/div>\n\t\t\t\t\t<\/div>\n\t\t","protected":false},"excerpt":{"rendered":"<div class=\"woocommerce-product-details__short-description\">\n<p>Lengvos, ta\u010diau giliai atkurian\u010dios tekst\u016bros.\u00a0Atstato od\u0105 po skutimo sukelt\u0173 mikropa\u017eeidim\u0173, toki\u0173 kaip smulk\u016bs \u012fbr\u0117\u017eimai ir \u012fpjovimai.\u00a0Kontroliuoja odos riebalavim\u0105si ir suteikia odai matin\u012f efekt\u0105.\u00a0Biofermentai atstato, stiprina ir stangrina od\u0105.<\/p>\n<\/div>\n","protected":false},"featured_media":12521,"comment_status":"open","ping_status":"closed","template":"","meta":{"om_disable_all_campaigns":false},"product_brand":[],"product_cat":[44,109],"product_tag":[],"class_list":{"0":"post-12520","1":"product","2":"type-product","3":"status-publish","4":"has-post-thumbnail","6":"product_cat-mini-produktai","7":"product_cat-vyrams","9":"first","10":"instock","11":"shipping-taxable","12":"purchasable","13":"product-type-simple","14":"add-to-wishlist-before_image"},"aioseo_notices":[],"_links":{"self":[{"href":"https:\/\/kasperindre.lt\/index.php?rest_route=\/wp\/v2\/product\/12520","targetHints":{"allow":["GET"]}}],"collection":[{"href":"https:\/\/kasperindre.lt\/index.php?rest_route=\/wp\/v2\/product"}],"about":[{"href":"https:\/\/kasperindre.lt\/index.php?rest_route=\/wp\/v2\/types\/product"}],"replies":[{"embeddable":true,"href":"https:\/\/kasperindre.lt\/index.php?rest_route=%2Fwp%2Fv2%2Fcomments&post=12520"}],"version-history":[{"count":5,"href":"https:\/\/kasperindre.lt\/index.php?rest_route=\/wp\/v2\/product\/12520\/revisions"}],"predecessor-version":[{"id":12526,"href":"https:\/\/kasperindre.lt\/index.php?rest_route=\/wp\/v2\/product\/12520\/revisions\/12526"}],"wp:featuredmedia":[{"embeddable":true,"href":"https:\/\/kasperindre.lt\/index.php?rest_route=\/wp\/v2\/media\/12521"}],"wp:attachment":[{"href":"https:\/\/kasperindre.lt\/index.php?rest_route=%2Fwp%2Fv2%2Fmedia&parent=12520"}],"wp:term":[{"taxonomy":"product_brand","embeddable":true,"href":"https:\/\/kasperindre.lt\/index.php?rest_route=%2Fwp%2Fv2%2Fproduct_brand&post=12520"},{"taxonomy":"product_cat","embeddable":true,"href":"https:\/\/kasperindre.lt\/index.php?rest_route=%2Fwp%2Fv2%2Fproduct_cat&post=12520"},{"taxonomy":"product_tag","embeddable":true,"href":"https:\/\/kasperindre.lt\/index.php?rest_route=%2Fwp%2Fv2%2Fproduct_tag&post=12520"}],"curies":[{"name":"wp","href":"https:\/\/api.w.org\/{rel}","templated":true}]}}