{"id":11881,"date":"2024-10-28T08:22:08","date_gmt":"2024-10-28T08:22:08","guid":{"rendered":"https:\/\/kasperindre.lt\/?post_type=product&#038;p=11881"},"modified":"2024-10-28T08:22:08","modified_gmt":"2024-10-28T08:22:08","slug":"maria-nila-breeze-ranku-muilas-hand-soap-breeze","status":"publish","type":"product","link":"https:\/\/kasperindre.lt\/?product=maria-nila-breeze-ranku-muilas-hand-soap-breeze","title":{"rendered":"MARIA NILA Breeze rank\u0173 muilas \u2013 Hand Soap Breeze"},"content":{"rendered":"<p>I\u0161skirtinis gaivaus g\u0117li\u0173 kvapo rank\u0173 muilas valo, dr\u0117kina j\u016bs\u0173 rank\u0173 od\u0105, padaro j\u0105 glotni\u0105 ir \u0161ilkin\u0119. Puikiai tinka su rank\u0173 losjonu i\u0161 BREEZE serijos.<\/p>\n<h5 class=\"yikes-custom-woo-tab-title yikes-custom-woo-tab-title-ingredientai\">Ingredientai<\/h5>\n<p>Aqua\/Water\/Eau, Sodium Lauroyl Methyl Isethionate, Disodium Laureth Sulfosuccinate, Sodium Lauryl Sulfoacetate, Glycerin, PEG-40 Hydrogenated Castor Oil, PEG-150 Pentaerythrityl Tetrastearate, PPG-2 Hydroxyethyl Cocamide, Sodium Benzotriazolyl Butylphenol Sulfonate, Tris(Tetramethylhydroxypiperidinol) Citrate, Ethylhexylglycerin, Disodium EDTA, Alcohol, Lactic Acid, Benzyl Alcohol, Phenoxyethanol, Parfum\/Fragrance, CI 16035\/Red 40, CI 42090\/Blue 1.<\/p>\n","protected":false},"excerpt":{"rendered":"<div class=\"woocommerce-product-details__short-description\">\n<ul>\n<li>Be sulfat\u0173 ir paraben\u0173<\/li>\n<li>100% vegani\u0161kas ir draugi\u0161kas gyv\u016bnams<\/li>\n<li>Kompensuojamas pakuot\u0117s CO<sub>2<\/sub><\/li>\n<li>Pagaminta \u0160vedijoje<\/li>\n<\/ul>\n<\/div>\n","protected":false},"featured_media":11882,"comment_status":"open","ping_status":"closed","template":"","meta":{"om_disable_all_campaigns":false},"product_brand":[],"product_cat":[107,42],"product_tag":[],"class_list":{"0":"post-11881","1":"product","2":"type-product","3":"status-publish","4":"has-post-thumbnail","6":"product_cat-namams","7":"product_cat-veido-ir-kuno-prieziura","9":"first","10":"instock","11":"shipping-taxable","12":"purchasable","13":"product-type-simple","14":"add-to-wishlist-before_image"},"aioseo_notices":[],"_links":{"self":[{"href":"https:\/\/kasperindre.lt\/index.php?rest_route=\/wp\/v2\/product\/11881","targetHints":{"allow":["GET"]}}],"collection":[{"href":"https:\/\/kasperindre.lt\/index.php?rest_route=\/wp\/v2\/product"}],"about":[{"href":"https:\/\/kasperindre.lt\/index.php?rest_route=\/wp\/v2\/types\/product"}],"replies":[{"embeddable":true,"href":"https:\/\/kasperindre.lt\/index.php?rest_route=%2Fwp%2Fv2%2Fcomments&post=11881"}],"version-history":[{"count":1,"href":"https:\/\/kasperindre.lt\/index.php?rest_route=\/wp\/v2\/product\/11881\/revisions"}],"predecessor-version":[{"id":11883,"href":"https:\/\/kasperindre.lt\/index.php?rest_route=\/wp\/v2\/product\/11881\/revisions\/11883"}],"wp:featuredmedia":[{"embeddable":true,"href":"https:\/\/kasperindre.lt\/index.php?rest_route=\/wp\/v2\/media\/11882"}],"wp:attachment":[{"href":"https:\/\/kasperindre.lt\/index.php?rest_route=%2Fwp%2Fv2%2Fmedia&parent=11881"}],"wp:term":[{"taxonomy":"product_brand","embeddable":true,"href":"https:\/\/kasperindre.lt\/index.php?rest_route=%2Fwp%2Fv2%2Fproduct_brand&post=11881"},{"taxonomy":"product_cat","embeddable":true,"href":"https:\/\/kasperindre.lt\/index.php?rest_route=%2Fwp%2Fv2%2Fproduct_cat&post=11881"},{"taxonomy":"product_tag","embeddable":true,"href":"https:\/\/kasperindre.lt\/index.php?rest_route=%2Fwp%2Fv2%2Fproduct_tag&post=11881"}],"curies":[{"name":"wp","href":"https:\/\/api.w.org\/{rel}","templated":true}]}}