{"id":11821,"date":"2024-10-28T07:53:19","date_gmt":"2024-10-28T07:53:19","guid":{"rendered":"https:\/\/kasperindre.lt\/?post_type=product&#038;p=11821"},"modified":"2024-10-28T07:53:19","modified_gmt":"2024-10-28T07:53:19","slug":"maria-nila-formavimo-kremas-styling-cream","status":"publish","type":"product","link":"https:\/\/kasperindre.lt\/?product=maria-nila-formavimo-kremas-styling-cream","title":{"rendered":"MARIA NILA Formavimo kremas \u2013 Styling Cream"},"content":{"rendered":"<p>Maitinamasis modeliuojamasis formavimo kremas nat\u016braliai suvaldo plaukus, suteikia tekst\u016bros ir subtilaus \u017evilgesio. \u0160i priemon\u0117 puikiai tinka bet kokiam kirpimui ir patiks tiems, kurie ie\u0161ko lengvesn\u0117s alternatyvos va\u0161kui formuojant garbanas ar norint kuo ilgiau i\u0161laikyti i\u0161tiesint\u0173 plauk\u0173 form\u0105. Kremas yra ro\u017ei\u0173, bergamo\u010di\u0173 ir citrin\u0173 aromato.<\/p>\n<h5 class=\"yikes-custom-woo-tab-title yikes-custom-woo-tab-title-naudojimas\">Naudojimas<\/h5>\n<p>Nedidel\u012f kiek\u012f kremo u\u017etepkite ant sruogomis suskirstyt\u0173 dr\u0117gn\u0173 ar saus\u0173 plauk\u0173 tose vietose, kur manote esant reikalinga. Jei pageidaujate, i\u0161d\u017eiovinkite plaukus d\u017eiovintuvu arba leiskite i\u0161d\u017ei\u016bti nat\u016braliai. Nor\u0117dami stipresn\u0117s fiksacijos, sumai\u0161ykite krem\u0105 su Maria Nila\u00a0<strong><em>Minerals Wax Gneiss<\/em><\/strong>. Produkt\u0105 taip pat galima mai\u0161yti su MARIA NILA argano aliejumi siekiant mink\u0161tesn\u0117s tekst\u016bros, norint i\u0161ry\u0161kinti garbanas ar i\u0161laikyti i\u0161tiesint\u0173 plauk\u0173 form\u0105 ilgiau.<\/p>\n<h5 class=\"yikes-custom-woo-tab-title yikes-custom-woo-tab-title-sudetis\">Ingredientai<\/h5>\n<p>Aqua\/Water\/Eau, Cetearyl Alcohol, Glycerin, Synthetic Beeswax\/Cire d\u2019abeille, PEG-40 Hydrogenated Castor Oil, Ceteareth-20, Triethanolamine, Acrylates Crosspolymer-3, Cera Microcristallina\/Microcrystalline Wax\/Cire Microcristalline, VP\/VA Copolymer, Helianthus Annuus (Sunflower) Seed Extract, Pyrus Malus (Apple) Seed Oil, Hydrolyzed Wheat Protein, Propylene Glycol, Acrylates\/C10-30 Alkyl Acrylate Crosspolymer, Butylene Glycol, Ethylhexylglycerin, Quaternium-95, Propanediol, Laurtrimonium Chloride, Potassium Sorbate, Pentaerythrityl Tetra-Di-T-Butyl Hydroxyhydrocinnamate, Phenoxyethanol, Parfum\/Fragrance.<\/p>\n","protected":false},"excerpt":{"rendered":"<div class=\"woocommerce-product-details__short-description\">\n<ul>\n<li>stiprumas 3\/5<\/li>\n<li>Maitinamasis ir formuojamasis kremas<\/li>\n<li>Suvaldo plaukus ir suteikia tekst\u016bros<\/li>\n<li>Lengvesn\u0117 alternatyva va\u0161kui<\/li>\n<li>Be sulfat\u0173 ir paraben\u0173<\/li>\n<li>100 % vegani\u0161kas ir nebandytas su gyv\u016bnais<\/li>\n<li>Kompensuojamas pakuo\u010di\u0173 CO<sub>2<\/sub><\/li>\n<\/ul>\n<\/div>\n","protected":false},"featured_media":11822,"comment_status":"open","ping_status":"closed","template":"","meta":{"om_disable_all_campaigns":false},"product_brand":[],"product_cat":[40,43],"product_tag":[],"class_list":{"0":"post-11821","1":"product","2":"type-product","3":"status-publish","4":"has-post-thumbnail","6":"product_cat-plauku-kremai","7":"product_cat-plauku-stilizavimo-priemones","9":"first","10":"instock","11":"shipping-taxable","12":"purchasable","13":"product-type-simple","14":"add-to-wishlist-before_image"},"aioseo_notices":[],"_links":{"self":[{"href":"https:\/\/kasperindre.lt\/index.php?rest_route=\/wp\/v2\/product\/11821","targetHints":{"allow":["GET"]}}],"collection":[{"href":"https:\/\/kasperindre.lt\/index.php?rest_route=\/wp\/v2\/product"}],"about":[{"href":"https:\/\/kasperindre.lt\/index.php?rest_route=\/wp\/v2\/types\/product"}],"replies":[{"embeddable":true,"href":"https:\/\/kasperindre.lt\/index.php?rest_route=%2Fwp%2Fv2%2Fcomments&post=11821"}],"version-history":[{"count":1,"href":"https:\/\/kasperindre.lt\/index.php?rest_route=\/wp\/v2\/product\/11821\/revisions"}],"predecessor-version":[{"id":11823,"href":"https:\/\/kasperindre.lt\/index.php?rest_route=\/wp\/v2\/product\/11821\/revisions\/11823"}],"wp:featuredmedia":[{"embeddable":true,"href":"https:\/\/kasperindre.lt\/index.php?rest_route=\/wp\/v2\/media\/11822"}],"wp:attachment":[{"href":"https:\/\/kasperindre.lt\/index.php?rest_route=%2Fwp%2Fv2%2Fmedia&parent=11821"}],"wp:term":[{"taxonomy":"product_brand","embeddable":true,"href":"https:\/\/kasperindre.lt\/index.php?rest_route=%2Fwp%2Fv2%2Fproduct_brand&post=11821"},{"taxonomy":"product_cat","embeddable":true,"href":"https:\/\/kasperindre.lt\/index.php?rest_route=%2Fwp%2Fv2%2Fproduct_cat&post=11821"},{"taxonomy":"product_tag","embeddable":true,"href":"https:\/\/kasperindre.lt\/index.php?rest_route=%2Fwp%2Fv2%2Fproduct_tag&post=11821"}],"curies":[{"name":"wp","href":"https:\/\/api.w.org\/{rel}","templated":true}]}}