{"id":11637,"date":"2024-10-27T13:17:00","date_gmt":"2024-10-27T13:17:00","guid":{"rendered":"https:\/\/kasperindre.lt\/?post_type=product&#038;p=11637"},"modified":"2024-10-27T13:17:44","modified_gmt":"2024-10-27T13:17:44","slug":"maria-nila-spindesio-suteikianti-dazytu-plauku-kauke-luminous-colour-masque","status":"publish","type":"product","link":"https:\/\/kasperindre.lt\/?product=maria-nila-spindesio-suteikianti-dazytu-plauku-kauke-luminous-colour-masque","title":{"rendered":"MARIA NILA Spindesio suteikianti da\u017eyt\u0173 plauk\u0173 kauk\u0117 \u2013 Luminous Colour Masque"},"content":{"rendered":"\t\t<div data-elementor-type=\"wp-post\" data-elementor-id=\"11637\" class=\"elementor elementor-11637\" data-elementor-settings=\"[]\">\n\t\t\t\t\t\t\t<div class=\"elementor-section-wrap\">\n\t\t\t\t\t\t\t<section class=\"elementor-section elementor-top-section elementor-element elementor-element-2d76c693 elementor-section-boxed elementor-section-height-default elementor-section-height-default qodef-elementor-content-no\" data-id=\"2d76c693\" data-element_type=\"section\">\n\t\t\t\t\t\t<div class=\"elementor-container elementor-column-gap-default\">\n\t\t\t\t\t<div class=\"elementor-column elementor-col-100 elementor-top-column elementor-element elementor-element-6644bc1a\" data-id=\"6644bc1a\" data-element_type=\"column\">\n\t\t\t<div class=\"elementor-widget-wrap elementor-element-populated\">\n\t\t\t\t\t\t\t\t<div class=\"elementor-element elementor-element-406f5851 elementor-widget elementor-widget-text-editor\" data-id=\"406f5851\" data-element_type=\"widget\" data-widget_type=\"text-editor.default\">\n\t\t\t\t<div class=\"elementor-widget-container\">\n\t\t\t\t\t\t\t<p>\u0160velni priemon\u0117 da\u017eytiems plaukams dr\u0117kina ir maitina plaukus, padarydama juos \u0161ilkinius ir glotnius. Granat\u0173 ekstraktas ir Colour Guard Complex apsaugo plaukus ir suma\u017eina spalvos blukim\u0105, atsirandant\u012f d\u0117l galvos trinkimo, plauk\u0173 formavimo prietais\u0173 naudojimo, UV spinduli\u0173 ir laisv\u0173j\u0173 radikal\u0173. Kauk\u0117 yra gaivaus vaisinio obuoli\u0173, gervuogi\u0173 ir persik\u0173 kvapo.<\/p><h5 class=\"yikes-custom-woo-tab-title yikes-custom-woo-tab-title-naudojimas\">Naudojimas<\/h5><p>Tepkite ant k\u0105 tik i\u0161trinkt\u0173 plauk\u0173 ir palikite 5\u201310 min. I\u0161skalaukite ir tepkite kondicionieri\u0173. Naudokite 1\u20132 kartus per savait\u0119 arba kasdien.<\/p><p>Kauk\u0117je gausu maistini\u0173 med\u017eiag\u0173, o jos pagrindin\u0117 u\u017eduotis yra atkurti plauk\u0173 sveikat\u0105. Vis\u0173 MARIA NILA plauk\u0173 kauki\u0173 pH yra 5\u20135.5 \u2013 tai nat\u016bralus j\u016bs\u0173 odos ir plauk\u0173 pH lygis. Kauk\u0117s padeda sumink\u0161tinti, pamaitinti ir sudr\u0117kinti plaukus. Nor\u0117dami maksimaliai apsaugoti plauk\u0173 spalv\u0105, naudokite kauk\u0119 kartu su \u0161amp\u016bnu, kondicionieriumi ir plauk\u0173 losjonu i\u0161\u00a0<em><strong>Luminous Colour<\/strong><\/em>\u00a0linijos. Visi produktai tinka kasdieniam naudojimui.<\/p><h5 class=\"yikes-custom-woo-tab-title yikes-custom-woo-tab-title-ingredientai\">Ingredientai<\/h5><p>Aqua\/Water\/Eau, Cetearyl Alcohol, Polyglyceryl-3 Polyricinoleate, Stearamidopropyl Dimethylamine, Glycerin, Butyrospermum Parkii (Shea) Butter, Cetrimonium Chloride, Punica Granatum Fruit Extract, Helianthus Annuus (Sunflower) Seed Oil, Phyllostachys Nigra Leaf Extract, Moringa Oleifera Seed Oil, Tocopherol, Oleic Acid, Linolenic Acid, Linoleic Acid, Linoleamidopropyl PG-Dimonium Chloride Phosphate Dimethicone, Behentrimonium Chloride, Amodimethicone\/Morpholinomethyl Silsesquioxane Copolymer, Propanediol, Dimethicone, Dimethiconol, Potassium Sorbate, Sodium Benzoate, Trideceth-5, Dehydroacetic Acid, Pentaerythrityl Tetra-Di-T-Butyl Hydroxyhydrocinnamate, Quaternium-95, Lactic Acid, Ethylhexylglycerin, Benzyl Alcohol, Benzyl Salicylate, Linalool, Limonene, Phenoxyethanol, Parfum\/Fragrance.<\/p>\t\t\t\t\t\t<\/div>\n\t\t\t\t<\/div>\n\t\t\t\t\t<\/div>\n\t\t<\/div>\n\t\t\t\t\t\t\t<\/div>\n\t\t<\/section>\n\t\t\t\t\t\t<\/div>\n\t\t\t\t\t<\/div>\n\t\t","protected":false},"excerpt":{"rendered":"<ul>\n<li>Dr\u0117kinamasis granat\u0173 ekstraktas<\/li>\n<li>Maitina ir atstato<\/li>\n<li>Mink\u0161tina ir padeda i\u0161laikyti spalv\u0105<\/li>\n<li>Be sulfat\u0173 ir paraben\u0173<\/li>\n<li>100% vegani\u0161ka ir nebandyta su gyv\u016bnais<\/li>\n<li>Kompensuojamas pakuo\u010di\u0173 CO<sub>2<\/sub><\/li>\n<\/ul>\n","protected":false},"featured_media":11638,"comment_status":"open","ping_status":"closed","template":"","meta":{"om_disable_all_campaigns":false},"product_brand":[],"product_cat":[38],"product_tag":[28],"class_list":{"0":"post-11637","1":"product","2":"type-product","3":"status-publish","4":"has-post-thumbnail","6":"product_cat-plauku-kaukes","7":"product_tag-dazyti-plaukai","9":"first","10":"instock","11":"shipping-taxable","12":"purchasable","13":"product-type-simple","14":"add-to-wishlist-before_image"},"aioseo_notices":[],"_links":{"self":[{"href":"https:\/\/kasperindre.lt\/index.php?rest_route=\/wp\/v2\/product\/11637","targetHints":{"allow":["GET"]}}],"collection":[{"href":"https:\/\/kasperindre.lt\/index.php?rest_route=\/wp\/v2\/product"}],"about":[{"href":"https:\/\/kasperindre.lt\/index.php?rest_route=\/wp\/v2\/types\/product"}],"replies":[{"embeddable":true,"href":"https:\/\/kasperindre.lt\/index.php?rest_route=%2Fwp%2Fv2%2Fcomments&post=11637"}],"version-history":[{"count":4,"href":"https:\/\/kasperindre.lt\/index.php?rest_route=\/wp\/v2\/product\/11637\/revisions"}],"predecessor-version":[{"id":11642,"href":"https:\/\/kasperindre.lt\/index.php?rest_route=\/wp\/v2\/product\/11637\/revisions\/11642"}],"wp:featuredmedia":[{"embeddable":true,"href":"https:\/\/kasperindre.lt\/index.php?rest_route=\/wp\/v2\/media\/11638"}],"wp:attachment":[{"href":"https:\/\/kasperindre.lt\/index.php?rest_route=%2Fwp%2Fv2%2Fmedia&parent=11637"}],"wp:term":[{"taxonomy":"product_brand","embeddable":true,"href":"https:\/\/kasperindre.lt\/index.php?rest_route=%2Fwp%2Fv2%2Fproduct_brand&post=11637"},{"taxonomy":"product_cat","embeddable":true,"href":"https:\/\/kasperindre.lt\/index.php?rest_route=%2Fwp%2Fv2%2Fproduct_cat&post=11637"},{"taxonomy":"product_tag","embeddable":true,"href":"https:\/\/kasperindre.lt\/index.php?rest_route=%2Fwp%2Fv2%2Fproduct_tag&post=11637"}],"curies":[{"name":"wp","href":"https:\/\/api.w.org\/{rel}","templated":true}]}}