{"id":11474,"date":"2024-10-26T14:20:15","date_gmt":"2024-10-26T14:20:15","guid":{"rendered":"https:\/\/kasperindre.lt\/?post_type=product&#038;p=11474"},"modified":"2024-10-28T08:41:29","modified_gmt":"2024-10-28T08:41:29","slug":"maria-nila-galvos-odos-masazuoklis-scalp-brush","status":"publish","type":"product","link":"https:\/\/kasperindre.lt\/?product=maria-nila-galvos-odos-masazuoklis-scalp-brush","title":{"rendered":"MARIA NILA Galvos odos masa\u017euoklis \u2013 Scalp Brush"},"content":{"rendered":"\t\t<div data-elementor-type=\"wp-post\" data-elementor-id=\"11474\" class=\"elementor elementor-11474\" data-elementor-settings=\"[]\">\n\t\t\t\t\t\t\t<div class=\"elementor-section-wrap\">\n\t\t\t\t\t\t\t<section class=\"elementor-section elementor-top-section elementor-element elementor-element-1a032f8e elementor-section-boxed elementor-section-height-default elementor-section-height-default qodef-elementor-content-no\" data-id=\"1a032f8e\" data-element_type=\"section\">\n\t\t\t\t\t\t<div class=\"elementor-container elementor-column-gap-default\">\n\t\t\t\t\t<div class=\"elementor-column elementor-col-100 elementor-top-column elementor-element elementor-element-7e9b80bd\" data-id=\"7e9b80bd\" data-element_type=\"column\">\n\t\t\t<div class=\"elementor-widget-wrap elementor-element-populated\">\n\t\t\t\t\t\t\t\t<div class=\"elementor-element elementor-element-2f95f86e elementor-widget elementor-widget-text-editor\" data-id=\"2f95f86e\" data-element_type=\"widget\" data-widget_type=\"text-editor.default\">\n\t\t\t\t<div class=\"elementor-widget-container\">\n\t\t\t\t\t\t\t<p>\u0160tai, ko tr\u016bko j\u016bs\u0173 plauk\u0173 prie\u017ei\u016bros rutinoje! \u0160is galvos masa\u017euoklis skirtas pagerinti j\u016bs\u0173 galvos odos b\u016bkl\u0119 ir plaukams suteikti pa\u010dias geriausias s\u0105lygas augti. Be to, maloniai atpalaiduoja. Naudokite kartu su \u0161amp\u016bnu ir m\u0117gaukit\u0117s efektyvia ir atpalaiduojan\u010dia plauk\u0173 plovimo patirtimi. Galvos masa\u017euoklis yra daugiafunkcis \u012frankis tiek j\u016bs\u0173, tiek j\u016bs\u0173 galvos odos gerovei.\u00a0\u00a0Plauk\u0173 prie\u017ei\u016bros rutin\u0105 papild\u017eius galvos masa\u017eu \u0161velniai nu\u0161veisite galvos od\u0105, efektyviai pa\u0161alinsite plauk\u0173 prie\u017ei\u016bros priemoni\u0173 liku\u010dius ir lengvai paskirstykite produkt\u0105 ant galvos odos ir plauk\u0173. \u0160vari galvos oda ir gera kraujotaka taip pat svarbios s\u0105lygos nat\u016brali\u0173 plauk\u0173 augimui palaikyti. Masa\u017euodami galvos od\u0105 pad\u0117site savo organizmui i\u0161skirti oksitocin\u0105 \u2013 hormon\u0105, kuris padeda suma\u017einti puls\u0105, kraujosp\u016bd\u012f ir streso hormonus. Palyginti su tradiciniu plauk\u0173 \u0161epe\u010diu, galvos odos \u0161epetys sukurtas \u0161velniai masa\u017euoti galvos od\u0105, o ne i\u0161\u0161ukuoti plaukus.<\/p><h5 class=\"yikes-custom-woo-tab-title yikes-custom-woo-tab-title-naudojimas\">Naudojimas<\/h5><p>Naudokite ant saus\u0173 plauk\u0173 arba du\u0161e su m\u0117gstamu Maria Nila \u0161amp\u016bnu produktui ant galvos odos u\u017etepti ir paskirstyti. Taip pat galima naudoti su Head &amp; Hair Heal ir Booster kauk\u0117mis produktams \u012f galvos od\u0105 \u012fmasa\u017euoti. U\u017epilkite produkto tiesiai ant masa\u017euoklio. Prad\u0117kite nuo pakau\u0161io \u2013 sukamaisiais judesiais masa\u017euokite galvos od\u0105 ir paskirstykite produkt\u0105 per vis\u0105 plauk\u0173 ilg\u012f \u0161ukuodami \u017eemyn. Masa\u017euodami galvos od\u0105 pad\u0117site savo organizmui i\u0161skirti oksitocin\u0105 \u2013 hormon\u0105, kuris padeda suma\u017einti puls\u0105, kraujosp\u016bd\u012f ir streso hormonus. Palyginti su tradiciniu plauk\u0173 \u0161epe\u010diu, galvos odos \u0161epetys sukurtas \u0161velniai masa\u017euoti galvos od\u0105, o ne i\u0161\u0161ukuoti plaukus.<\/p><h5 class=\"yikes-custom-woo-tab-title yikes-custom-woo-tab-title-ingredientai\">Ingredientai<\/h5><p>Galvos masa\u017euoklis pagamintas i\u0161 perdirbto plastiko su kvie\u010di\u0173 \u0161iaud\u0173 augaliniu pluo\u0161tu. Masa\u017euoklio dantukai pagaminti i\u0161 silikono.<\/p>\t\t\t\t\t\t<\/div>\n\t\t\t\t<\/div>\n\t\t\t\t\t<\/div>\n\t\t<\/div>\n\t\t\t\t\t\t\t<\/div>\n\t\t<\/section>\n\t\t\t\t\t\t<\/div>\n\t\t\t\t\t<\/div>\n\t\t","protected":false},"excerpt":{"rendered":"<ul>\n<li>Nu\u0161vei\u010dia galvos od\u0105<\/li>\n<li>Pa\u0161alina plauk\u0173 prie\u017ei\u016bros priemoni\u0173 liku\u010dius<\/li>\n<li>Padeda suma\u017einti \u012ftamp\u0105<\/li>\n<li>Gerina kraujotak\u0105<\/li>\n<li>Galima naudoti tiek ant dr\u0117gn\u0173, tiek ant saus\u0173 plauk\u0173<\/li>\n<\/ul>\n","protected":false},"featured_media":11475,"comment_status":"open","ping_status":"closed","template":"","meta":{"om_disable_all_campaigns":false},"product_brand":[],"product_cat":[102],"product_tag":[],"class_list":{"0":"post-11474","1":"product","2":"type-product","3":"status-publish","4":"has-post-thumbnail","6":"product_cat-galvos-odai","8":"first","9":"instock","10":"shipping-taxable","11":"purchasable","12":"product-type-simple","13":"add-to-wishlist-before_image"},"aioseo_notices":[],"_links":{"self":[{"href":"https:\/\/kasperindre.lt\/index.php?rest_route=\/wp\/v2\/product\/11474","targetHints":{"allow":["GET"]}}],"collection":[{"href":"https:\/\/kasperindre.lt\/index.php?rest_route=\/wp\/v2\/product"}],"about":[{"href":"https:\/\/kasperindre.lt\/index.php?rest_route=\/wp\/v2\/types\/product"}],"replies":[{"embeddable":true,"href":"https:\/\/kasperindre.lt\/index.php?rest_route=%2Fwp%2Fv2%2Fcomments&post=11474"}],"version-history":[{"count":5,"href":"https:\/\/kasperindre.lt\/index.php?rest_route=\/wp\/v2\/product\/11474\/revisions"}],"predecessor-version":[{"id":11888,"href":"https:\/\/kasperindre.lt\/index.php?rest_route=\/wp\/v2\/product\/11474\/revisions\/11888"}],"wp:featuredmedia":[{"embeddable":true,"href":"https:\/\/kasperindre.lt\/index.php?rest_route=\/wp\/v2\/media\/11475"}],"wp:attachment":[{"href":"https:\/\/kasperindre.lt\/index.php?rest_route=%2Fwp%2Fv2%2Fmedia&parent=11474"}],"wp:term":[{"taxonomy":"product_brand","embeddable":true,"href":"https:\/\/kasperindre.lt\/index.php?rest_route=%2Fwp%2Fv2%2Fproduct_brand&post=11474"},{"taxonomy":"product_cat","embeddable":true,"href":"https:\/\/kasperindre.lt\/index.php?rest_route=%2Fwp%2Fv2%2Fproduct_cat&post=11474"},{"taxonomy":"product_tag","embeddable":true,"href":"https:\/\/kasperindre.lt\/index.php?rest_route=%2Fwp%2Fv2%2Fproduct_tag&post=11474"}],"curies":[{"name":"wp","href":"https:\/\/api.w.org\/{rel}","templated":true}]}}