{"id":11216,"date":"2024-10-25T14:59:46","date_gmt":"2024-10-25T14:59:46","guid":{"rendered":"https:\/\/kasperindre.lt\/?post_type=product&#038;p=11216"},"modified":"2024-10-25T15:01:46","modified_gmt":"2024-10-25T15:01:46","slug":"maria-nila-minkstinamasis-kondicionierius-true-soft-conditioner","status":"publish","type":"product","link":"https:\/\/kasperindre.lt\/?product=maria-nila-minkstinamasis-kondicionierius-true-soft-conditioner","title":{"rendered":"MARIA NILA Mink\u0161tinamasis kondicionierius \u2013 True Soft Conditioner"},"content":{"rendered":"\t\t<div data-elementor-type=\"wp-post\" data-elementor-id=\"11216\" class=\"elementor elementor-11216\" data-elementor-settings=\"[]\">\n\t\t\t\t\t\t\t<div class=\"elementor-section-wrap\">\n\t\t\t\t\t\t\t<section class=\"elementor-section elementor-top-section elementor-element elementor-element-db3d722 elementor-section-boxed elementor-section-height-default elementor-section-height-default qodef-elementor-content-no\" data-id=\"db3d722\" data-element_type=\"section\">\n\t\t\t\t\t\t<div class=\"elementor-container elementor-column-gap-default\">\n\t\t\t\t\t<div class=\"elementor-column elementor-col-100 elementor-top-column elementor-element elementor-element-f9cf3be\" data-id=\"f9cf3be\" data-element_type=\"column\">\n\t\t\t<div class=\"elementor-widget-wrap elementor-element-populated\">\n\t\t\t\t\t\t\t\t<div class=\"elementor-element elementor-element-ded23ff elementor-widget elementor-widget-text-editor\" data-id=\"ded23ff\" data-element_type=\"widget\" data-widget_type=\"text-editor.default\">\n\t\t\t\t<div class=\"elementor-widget-container\">\n\t\t\t\t\t\t\t<p>Plauk\u0173 i\u0161\u0161ukavim\u0105 lengvinantis kondicionierius nat\u016braliai sausiems plaukams mink\u0161tina, dr\u0117kina, suma\u017eina v\u0117lim\u0105si ir elektrinim\u0105si. Mink\u0161tinamasis argano aliejus, antioksidantai ir riebal\u0173 r\u016bg\u0161tys i\u0161saugo dr\u0117gm\u0119 ir stiprina plaukus. Kondicionierius pasi\u017eymi \u0161velniu vanil\u0117s, ro\u017ei\u0173 ir jazminu aromatu. Colour Guard Complex apsaugo plauk\u0173 spalv\u0105 nuo UV spinduli\u0173 ir laisv\u0173j\u0173 radikal\u0173.<\/p><h5 class=\"yikes-custom-woo-tab-title yikes-custom-woo-tab-title-naudojimas\">Naudojimas<\/h5><p>Tepkite ant k\u0105 tik i\u0161trinkt\u0173 plauk\u0173, palikite 1\u20132 minut\u0117ms ir i\u0161skalaukite.<\/p><p>Kad plaukai b\u016bt\u0173 tikrai mink\u0161ti, kartu naudokite \u0161amp\u016bn\u0105, kauk\u0119 ir argano aliej\u0173 i\u0161\u00a0<strong><em>True Soft<\/em><\/strong>\u00a0linijos. Visi produktai tinka kasdieniam naudojimui.<\/p><h5 class=\"yikes-custom-woo-tab-title yikes-custom-woo-tab-title-ingredientai\">Ingredientai<\/h5><p>Aqua\/Water\/Eau, Cetearyl Alcohol, PPG-3 Benzyl Ether Myristate, Behentrimonium Chloride, Argania Spinosa Kernel Oil, Polyglyceryl-3 Polyricinoleate, Moringa Oleifera Seed Oil, Stearamidopropyl Dimethylamine, Olea Europaea (Olive) Fruit Oil, Phyllostachys Nigra Leaf Extract, Amodimethicone\/Morpholinomethyl Silsesquioxane Copolymer, Lactic Acid, Trideceth-5, Glycerin, Sodium PCA, Cetrimonium Chloride, Dimethiconol, Dimethicone, Propanediol, Pentaerythrityl Tetra-Di-T-Butyl Hydroxyhydrocinnamate, Quaternium-95, Dehydroacetic Acid, Benzoic Acid, Alpha- Isomethyl Ionone Phenoxyethanol, Parfum\/Fragrance, CI 47005\/Yellow 10, CI 61570\/Green 5, CI 42090\/Blue 1<\/p>\t\t\t\t\t\t<\/div>\n\t\t\t\t<\/div>\n\t\t\t\t\t<\/div>\n\t\t<\/div>\n\t\t\t\t\t\t\t<\/div>\n\t\t<\/section>\n\t\t\t\t\t\t<\/div>\n\t\t\t\t\t<\/div>\n\t\t","protected":false},"excerpt":{"rendered":"<ul>\n<li>Mink\u0161tinamasis argano aliejus<\/li>\n<li>Suma\u017eina v\u0117lim\u0105si<\/li>\n<li>Suma\u017eina elektrinim\u0105si<\/li>\n<li>Be sulfat\u0173 ir paraben\u0173<\/li>\n<li>100% vegani\u0161kas ir nebandytas su gyv\u016bnais<\/li>\n<li>Kompensuojamas pakuo\u010di\u0173 CO<sub>2<\/sub><\/li>\n<\/ul>\n","protected":false},"featured_media":11220,"comment_status":"open","ping_status":"closed","template":"","meta":{"om_disable_all_campaigns":false},"product_brand":[],"product_cat":[44,30],"product_tag":[71,29],"class_list":{"0":"post-11216","1":"product","2":"type-product","3":"status-publish","4":"has-post-thumbnail","6":"product_cat-mini-produktai","7":"product_cat-kondicionieriai","8":"product_tag-sausi-plaukai","9":"product_tag-siaustis-linke-plaukai","11":"first","12":"instock","13":"shipping-taxable","14":"purchasable","15":"product-type-variable","16":"add-to-wishlist-before_image"},"aioseo_notices":[],"_links":{"self":[{"href":"https:\/\/kasperindre.lt\/index.php?rest_route=\/wp\/v2\/product\/11216","targetHints":{"allow":["GET"]}}],"collection":[{"href":"https:\/\/kasperindre.lt\/index.php?rest_route=\/wp\/v2\/product"}],"about":[{"href":"https:\/\/kasperindre.lt\/index.php?rest_route=\/wp\/v2\/types\/product"}],"replies":[{"embeddable":true,"href":"https:\/\/kasperindre.lt\/index.php?rest_route=%2Fwp%2Fv2%2Fcomments&post=11216"}],"version-history":[{"count":4,"href":"https:\/\/kasperindre.lt\/index.php?rest_route=\/wp\/v2\/product\/11216\/revisions"}],"predecessor-version":[{"id":11224,"href":"https:\/\/kasperindre.lt\/index.php?rest_route=\/wp\/v2\/product\/11216\/revisions\/11224"}],"wp:featuredmedia":[{"embeddable":true,"href":"https:\/\/kasperindre.lt\/index.php?rest_route=\/wp\/v2\/media\/11220"}],"wp:attachment":[{"href":"https:\/\/kasperindre.lt\/index.php?rest_route=%2Fwp%2Fv2%2Fmedia&parent=11216"}],"wp:term":[{"taxonomy":"product_brand","embeddable":true,"href":"https:\/\/kasperindre.lt\/index.php?rest_route=%2Fwp%2Fv2%2Fproduct_brand&post=11216"},{"taxonomy":"product_cat","embeddable":true,"href":"https:\/\/kasperindre.lt\/index.php?rest_route=%2Fwp%2Fv2%2Fproduct_cat&post=11216"},{"taxonomy":"product_tag","embeddable":true,"href":"https:\/\/kasperindre.lt\/index.php?rest_route=%2Fwp%2Fv2%2Fproduct_tag&post=11216"}],"curies":[{"name":"wp","href":"https:\/\/api.w.org\/{rel}","templated":true}]}}