{"id":11198,"date":"2024-10-25T14:53:11","date_gmt":"2024-10-25T14:53:11","guid":{"rendered":"https:\/\/kasperindre.lt\/?post_type=product&#038;p=11198"},"modified":"2024-10-27T07:52:52","modified_gmt":"2024-10-27T07:52:52","slug":"maria-nila-minkstinamasis-argano-aliejus-true-soft-argan-oil","status":"publish","type":"product","link":"https:\/\/kasperindre.lt\/?product=maria-nila-minkstinamasis-argano-aliejus-true-soft-argan-oil","title":{"rendered":"MARIA NILA Mink\u0161tinamasis argano aliejus \u2013 True Soft Argan Oil"},"content":{"rendered":"\t\t<div data-elementor-type=\"wp-post\" data-elementor-id=\"11198\" class=\"elementor elementor-11198\" data-elementor-settings=\"[]\">\n\t\t\t\t\t\t\t<div class=\"elementor-section-wrap\">\n\t\t\t\t\t\t\t<section class=\"elementor-section elementor-top-section elementor-element elementor-element-623da5de elementor-section-boxed elementor-section-height-default elementor-section-height-default qodef-elementor-content-no\" data-id=\"623da5de\" data-element_type=\"section\">\n\t\t\t\t\t\t<div class=\"elementor-container elementor-column-gap-default\">\n\t\t\t\t\t<div class=\"elementor-column elementor-col-100 elementor-top-column elementor-element elementor-element-5130c0c7\" data-id=\"5130c0c7\" data-element_type=\"column\">\n\t\t\t<div class=\"elementor-widget-wrap elementor-element-populated\">\n\t\t\t\t\t\t\t\t<div class=\"elementor-element elementor-element-6bcaadd0 elementor-widget elementor-widget-text-editor\" data-id=\"6bcaadd0\" data-element_type=\"widget\" data-widget_type=\"text-editor.default\">\n\t\t\t\t<div class=\"elementor-widget-container\">\n\t\t\t\t\t\t\t<p>Maitinamasis argano aliejus mink\u0161tina, dr\u0117kina ir stiprina plaukus. Priemon\u0117 greitai \u012fsigeria ir suteikia plaukams glotnumo bei neleid\u017eia jiems veltis. Mink\u0161tinamasis argano aliejus yra \u0161velnaus vanil\u0117s, ro\u017ei\u0173 ir jazmin\u0173 kvapo.<\/p>\n<h5 class=\"yikes-custom-woo-tab-title yikes-custom-woo-tab-title-naudojimas\">Naudojimas<\/h5>\n<p>Nedidel\u012f kiek\u012f argano aliejaus tepkite ant dr\u0117gn\u0173 arba saus\u0173 plauk\u0173 nuo plauk\u0173 vidurio iki galiuk\u0173. I\u0161d\u017eiovinkite plauk\u0173 d\u017eiovintuvu arba leiskite i\u0161d\u017ei\u016bti nat\u016braliai, nes aliejus \u0161velniai \u012fsigeria \u012f plaukus j\u0173 neapsunkindamas. Kad plaukai b\u016bt\u0173 tikrai mink\u0161ti, naudokite priemon\u0119 kartu su&nbsp;<em><strong>True Soft<\/strong><\/em>&nbsp;linijos \u0161amp\u016bnu, kondicionieriumi ir kauke. Visi produktai tinka kasdieniam naudojimui.<\/p>\n<h5 class=\"yikes-custom-woo-tab-title yikes-custom-woo-tab-title-sudetis\">Ingredientai<\/h5>\n<p>Cyclomethicone, Dimethiconol, Argania Spinosa Kernel Oil, Crambe Abyssinica Seed Oil, Brassica Campestris (Rapeseed) Seed Oil, Benzyl Alcohol, Hexyl Cinnamal, Limonene, Benzyl Salicylate, Citronellol, Parfum\/Fragrance<\/p>\t\t\t\t\t\t<\/div>\n\t\t\t\t<\/div>\n\t\t\t\t\t<\/div>\n\t\t<\/div>\n\t\t\t\t\t\t\t<\/div>\n\t\t<\/section>\n\t\t\t\t\t\t<\/div>\n\t\t\t\t\t<\/div>\n\t\t","protected":false},"excerpt":{"rendered":"<ul>\n<li>Dr\u0117kina ir stiprina plaukus<\/li>\n<li>Mink\u0161tinamasis argano aliejus<\/li>\n<li>\u0160ilkiniams ir glotniems plaukams<\/li>\n<li>Be sulfat\u0173 ir paraben\u0173<\/li>\n<li>100% vegani\u0161kas ir nebandytas su gyv\u016bnais<\/li>\n<li>Kompensuojamas pakuo\u010di\u0173 CO<sub>2<\/sub><\/li>\n<\/ul>\n","protected":false},"featured_media":11201,"comment_status":"open","ping_status":"closed","template":"","meta":{"om_disable_all_campaigns":false},"product_brand":[],"product_cat":[44,41],"product_tag":[68],"class_list":{"0":"post-11198","1":"product","2":"type-product","3":"status-publish","4":"has-post-thumbnail","6":"product_cat-mini-produktai","7":"product_cat-plauku-aliejukai-pieneliai","8":"product_tag-normalus-plaukai","10":"first","11":"instock","12":"shipping-taxable","13":"purchasable","14":"product-type-variable","15":"add-to-wishlist-before_image"},"aioseo_notices":[],"_links":{"self":[{"href":"https:\/\/kasperindre.lt\/index.php?rest_route=\/wp\/v2\/product\/11198","targetHints":{"allow":["GET"]}}],"collection":[{"href":"https:\/\/kasperindre.lt\/index.php?rest_route=\/wp\/v2\/product"}],"about":[{"href":"https:\/\/kasperindre.lt\/index.php?rest_route=\/wp\/v2\/types\/product"}],"replies":[{"embeddable":true,"href":"https:\/\/kasperindre.lt\/index.php?rest_route=%2Fwp%2Fv2%2Fcomments&post=11198"}],"version-history":[{"count":8,"href":"https:\/\/kasperindre.lt\/index.php?rest_route=\/wp\/v2\/product\/11198\/revisions"}],"predecessor-version":[{"id":11519,"href":"https:\/\/kasperindre.lt\/index.php?rest_route=\/wp\/v2\/product\/11198\/revisions\/11519"}],"wp:featuredmedia":[{"embeddable":true,"href":"https:\/\/kasperindre.lt\/index.php?rest_route=\/wp\/v2\/media\/11201"}],"wp:attachment":[{"href":"https:\/\/kasperindre.lt\/index.php?rest_route=%2Fwp%2Fv2%2Fmedia&parent=11198"}],"wp:term":[{"taxonomy":"product_brand","embeddable":true,"href":"https:\/\/kasperindre.lt\/index.php?rest_route=%2Fwp%2Fv2%2Fproduct_brand&post=11198"},{"taxonomy":"product_cat","embeddable":true,"href":"https:\/\/kasperindre.lt\/index.php?rest_route=%2Fwp%2Fv2%2Fproduct_cat&post=11198"},{"taxonomy":"product_tag","embeddable":true,"href":"https:\/\/kasperindre.lt\/index.php?rest_route=%2Fwp%2Fv2%2Fproduct_tag&post=11198"}],"curies":[{"name":"wp","href":"https:\/\/api.w.org\/{rel}","templated":true}]}}