{"id":11154,"date":"2024-10-25T14:29:43","date_gmt":"2024-10-25T14:29:43","guid":{"rendered":"https:\/\/kasperindre.lt\/?post_type=product&#038;p=11154"},"modified":"2024-10-25T14:38:58","modified_gmt":"2024-10-25T14:38:58","slug":"maria-nila-head-hair-heal-conditioner","status":"publish","type":"product","link":"https:\/\/kasperindre.lt\/?product=maria-nila-head-hair-heal-conditioner","title":{"rendered":"MARIA NILA Gydomasis galvos odos ir plauk\u0173 kondicionierius \u2013 Head &#038; Hair Heal Conditioner"},"content":{"rendered":"\t\t<div data-elementor-type=\"wp-post\" data-elementor-id=\"11154\" class=\"elementor elementor-11154\" data-elementor-settings=\"[]\">\n\t\t\t\t\t\t\t<div class=\"elementor-section-wrap\">\n\t\t\t\t\t\t\t<section class=\"elementor-section elementor-top-section elementor-element elementor-element-5c9adf3e elementor-section-boxed elementor-section-height-default elementor-section-height-default qodef-elementor-content-no\" data-id=\"5c9adf3e\" data-element_type=\"section\">\n\t\t\t\t\t\t<div class=\"elementor-container elementor-column-gap-default\">\n\t\t\t\t\t<div class=\"elementor-column elementor-col-100 elementor-top-column elementor-element elementor-element-39571d91\" data-id=\"39571d91\" data-element_type=\"column\">\n\t\t\t<div class=\"elementor-widget-wrap elementor-element-populated\">\n\t\t\t\t\t\t\t\t<div class=\"elementor-element elementor-element-3c0ffde7 elementor-widget elementor-widget-text-editor\" data-id=\"3c0ffde7\" data-element_type=\"widget\" data-widget_type=\"text-editor.default\">\n\t\t\t\t<div class=\"elementor-widget-container\">\n\t\t\t\t\t\t\t<p>Raminamasis ir plauk\u0173 augim\u0105 skatinantis kondicionierius su piroktono olaminu ir nat\u016braliu alavijo ekstraktu gydo ir apsaugo nuo pleiskan\u0173 ir galvos odos problem\u0173. Dr\u0117kinam\u0173j\u0173, raminam\u0173j\u0173 ir gydom\u0173j\u0173 savybi\u0173 turintis kondicionierius subalansuos plaukus ir galvos od\u0105. Kondicionierius sukurtas itin jautriai galvos odai ir papildytas unikaliu baltojo jazmino, galbanin\u0117s ferulos ir liep\u0173 \u017eied\u0173 aromatu, kuris nesukelia alergijos. Colour Guard Complex apsaugo plauk\u0173 spalv\u0105 nuo UV spinduli\u0173 ir laisv\u0173j\u0173 radikal\u0173.<\/p><h5 class=\"yikes-custom-woo-tab-title yikes-custom-woo-tab-title-naudojimas\">Naudojimas<\/h5><p>Tepkite ant k\u0105 tik i\u0161trinkt\u0173 plauk\u0173, palikite 1\u20132 minut\u0117ms ir i\u0161skalaukite.<\/p><p>Kad plaukai ir galvos oda b\u016bt\u0173 sveiki ir subalansuoti, naudokite priemon\u0119 kartu su \u0161amp\u016bnu ir kauke i\u0161\u00a0<strong><em>Hair and Head Heal<\/em><\/strong>\u00a0linijos. Visi produktai tinka kasdieniam naudojimui.<\/p><h5 class=\"yikes-custom-woo-tab-title yikes-custom-woo-tab-title-ingredientai\">Ingredientai<\/h5><p>Aqua\/Water\/Eau, Cetearyl Alcohol, PPG-3 Benzyl Ether Myristate, Behentrimonium Chloride, Polyglyceryl-3 Polyricinoleate, Stearamidopropyl Dimethylamine, Biotinoyl Tripeptide-1, Oleanolic Acid, Apigenin, Trifolium Pratense (Clover) Flower Extract, Acetyl Tetrapeptide-3, Aloe Barbadensis Leaf Extract, Helianthus Annuus (Sunflower) Seed Oil, Tocopheryl Acetate, Amodimethicone\/Morpholinomethyl Silsesquioxane Copolymer, Lactic Acid, Trideceth-5, Butylene Glycol, Glycerin, Dextran, PEG-40 Hydrogenated Castor Oil, Pentaerythrityl Tetra-Di-T-Butyl Hydroxyhydrocinnamate, Piroctone Olamine, Dehydroacetic Acid, Propanediol, Cetrimonium Chloride, Quaternium-95, Benzoic Acid, PPG-26-Buteth-26, Sodium Chloride, Sodium Benzoate, Potassium Sorbate, Citric Acid, Phenoxyethanol, Parfum\/Fragrance, CI 16035\/Red 40, CI 19140\/Yellow 5<\/p>\t\t\t\t\t\t<\/div>\n\t\t\t\t<\/div>\n\t\t\t\t\t<\/div>\n\t\t<\/div>\n\t\t\t\t\t\t\t<\/div>\n\t\t<\/section>\n\t\t\t\t\t\t<\/div>\n\t\t\t\t\t<\/div>\n\t\t","protected":false},"excerpt":{"rendered":"<h5>Gydomasis galvos odos ir plauk\u0173 kondicionierius \u2013 Head &amp; Hair Heal Conditioner<\/h5>\n<div class=\"woocommerce-product-details__short-description\">\n<ul>\n<li>Maitina ir skatina plauk\u0173 augim\u0105<\/li>\n<li>Ramina ir pasi\u017eymi gydomuoju poveikiu<\/li>\n<li>Apsaugo nuo pleiskan\u0173<\/li>\n<li>Be sulfat\u0173 ir paraben\u0173<\/li>\n<li>100 % vegani\u0161kas ir nebandytas su gyv\u016bnais<\/li>\n<li>Kompensuojamas pakuo\u010di\u0173 CO<sub>2<\/sub><\/li>\n<\/ul>\n<\/div>\n","protected":false},"featured_media":11158,"comment_status":"open","ping_status":"closed","template":"","meta":{"om_disable_all_campaigns":false},"product_brand":[],"product_cat":[44,30],"product_tag":[69,47],"class_list":{"0":"post-11154","1":"product","2":"type-product","3":"status-publish","4":"has-post-thumbnail","6":"product_cat-mini-produktai","7":"product_cat-kondicionieriai","8":"product_tag-pleiskanojanti-galvos-oda","9":"product_tag-slenkantys-plaukai","11":"first","12":"instock","13":"shipping-taxable","14":"purchasable","15":"product-type-variable","16":"add-to-wishlist-before_image"},"aioseo_notices":[],"_links":{"self":[{"href":"https:\/\/kasperindre.lt\/index.php?rest_route=\/wp\/v2\/product\/11154","targetHints":{"allow":["GET"]}}],"collection":[{"href":"https:\/\/kasperindre.lt\/index.php?rest_route=\/wp\/v2\/product"}],"about":[{"href":"https:\/\/kasperindre.lt\/index.php?rest_route=\/wp\/v2\/types\/product"}],"replies":[{"embeddable":true,"href":"https:\/\/kasperindre.lt\/index.php?rest_route=%2Fwp%2Fv2%2Fcomments&post=11154"}],"version-history":[{"count":6,"href":"https:\/\/kasperindre.lt\/index.php?rest_route=\/wp\/v2\/product\/11154\/revisions"}],"predecessor-version":[{"id":11177,"href":"https:\/\/kasperindre.lt\/index.php?rest_route=\/wp\/v2\/product\/11154\/revisions\/11177"}],"wp:featuredmedia":[{"embeddable":true,"href":"https:\/\/kasperindre.lt\/index.php?rest_route=\/wp\/v2\/media\/11158"}],"wp:attachment":[{"href":"https:\/\/kasperindre.lt\/index.php?rest_route=%2Fwp%2Fv2%2Fmedia&parent=11154"}],"wp:term":[{"taxonomy":"product_brand","embeddable":true,"href":"https:\/\/kasperindre.lt\/index.php?rest_route=%2Fwp%2Fv2%2Fproduct_brand&post=11154"},{"taxonomy":"product_cat","embeddable":true,"href":"https:\/\/kasperindre.lt\/index.php?rest_route=%2Fwp%2Fv2%2Fproduct_cat&post=11154"},{"taxonomy":"product_tag","embeddable":true,"href":"https:\/\/kasperindre.lt\/index.php?rest_route=%2Fwp%2Fv2%2Fproduct_tag&post=11154"}],"curies":[{"name":"wp","href":"https:\/\/api.w.org\/{rel}","templated":true}]}}