{"id":11104,"date":"2024-09-26T16:44:21","date_gmt":"2024-09-26T16:44:21","guid":{"rendered":"https:\/\/kasperindre.lt\/?post_type=product&#038;p=11104"},"modified":"2024-09-26T16:50:47","modified_gmt":"2024-09-26T16:50:47","slug":"love-plaukus-glotninanti-kauke","status":"publish","type":"product","link":"https:\/\/kasperindre.lt\/?product=love-plaukus-glotninanti-kauke","title":{"rendered":"LOVE plaukus glotninanti kauk\u0117"},"content":{"rendered":"\t\t<div data-elementor-type=\"wp-post\" data-elementor-id=\"11104\" class=\"elementor elementor-11104\" data-elementor-settings=\"[]\">\n\t\t\t\t\t\t\t<div class=\"elementor-section-wrap\">\n\t\t\t\t\t\t\t<section class=\"elementor-section elementor-top-section elementor-element elementor-element-392e9596 elementor-section-boxed elementor-section-height-default elementor-section-height-default qodef-elementor-content-no\" data-id=\"392e9596\" data-element_type=\"section\">\n\t\t\t\t\t\t<div class=\"elementor-container elementor-column-gap-default\">\n\t\t\t\t\t<div class=\"elementor-column elementor-col-100 elementor-top-column elementor-element elementor-element-6e8fb61b\" data-id=\"6e8fb61b\" data-element_type=\"column\">\n\t\t\t<div class=\"elementor-widget-wrap elementor-element-populated\">\n\t\t\t\t\t\t\t\t<div class=\"elementor-element elementor-element-6688c956 elementor-widget elementor-widget-text-editor\" data-id=\"6688c956\" data-element_type=\"widget\" data-widget_type=\"text-editor.default\">\n\t\t\t\t<div class=\"elementor-widget-container\">\n\t\t\t\t\t\t\t<p><span style=\"font-weight: 400;\">Greitai plaukus glotninanti kauk\u0117, kuri akimirksniu suteikia \u0161velnumo ir tiesi\u0173 plauk\u0173 efekt\u0105! Padeda suvaldyti p\u016bstis ir \u0161iau\u0161tis linkusius plaukus, palengvina tiesinimo proces\u0105, o\u00a0 rezultatas &#8211;\u00a0 glotn\u016bs ir lyg\u016bs plaukai vos per 30 sekund\u017ei\u0173!<\/span><\/p><p>\u00a0<\/p><ul><li><span style=\"font-weight: 400;\">Greitas plauk\u0173 suvaldymas ir pasi\u0161iau\u0161imo suma\u017einimas<\/span><\/li><li><span style=\"font-weight: 400;\">Nepageidaujamos apimties suma\u017einimas<\/span><\/li><li><span style=\"font-weight: 400;\">Plauk\u0173 tiesinimo palengvinimas<\/span><\/li><li><span style=\"font-weight: 400;\">i\u0161laikyti reikia tik 30 sekund\u017ei\u0173\u00a0<\/span><\/li><li><span style=\"font-weight: 400;\">CO2 neutrali pakuot\u0117.<\/span><\/li><li><span style=\"font-weight: 400;\">Su alyvuogi\u0173 ekstraktu, i\u0161 Slow Food presidium programos.<\/span><\/li><\/ul><h5><strong>Kaip naudoti?<\/strong><\/h5><p><span style=\"font-weight: 400;\">Tepkite ant dr\u0117gn\u0173 plauk\u0173, palikite 30 sekund\u017ei\u0173. I\u0161\u0161ukuokite, nuplaukite ir t\u0119skite d\u017eiovinim\u0105. Patekus \u012f akis, kruop\u0161\u010diai i\u0161skalaukite.<\/span><\/p><h5>Sudedamosios dalys<\/h5><p>AQUA \/ WATER \/ EAU, GLYCERIN, CETYL ALCOHOL, BEHENTRIMONIUM CHLORIDE, CETEARYL ALCOHOL, AMODIMETHICONE, CETRIMONIUM CHLORIDE, GLYCERYL STEARATE, ORBIGNYA OLEIFERA SEED OIL, DIMETHICONE, BEHENTRIMONIUM METHOSULFATE, PARFUM \/ FRAGRANCE, ISOPROPYL ALCOHOL, HYDROGENATED SOY POLYGLYCERIDES, DIPROPYLENE GLYCOL, BENZOTRIAZOLYL DODECYL P-CRESOL, BENZYL ALCOHOL, DISODIUM EDTA, OCTADECYL DI-T-BUTYL-4-HYDROXYHYDROCINNAMATE, DIVINYLDIMETHICONE\/DIMETHICONE CROSSPOLYMER, SODIUM BENZOATE, POLYSILICONE-29, CITRIC ACID, OLEA EUROPAEA FRUIT EXTRACT \/ OLEA EUROPAEA (OLIVE) FRUIT EXTRACT, C15-23 ALKANE, CAPRYLYL GLYCOL, LIMONENE, CI 60730 \/ EXT. VIOLET 2, CI 19140 \/ YELLOW 5.<\/p>\t\t\t\t\t\t<\/div>\n\t\t\t\t<\/div>\n\t\t\t\t\t<\/div>\n\t\t<\/div>\n\t\t\t\t\t\t\t<\/div>\n\t\t<\/section>\n\t\t\t\t\t\t<\/div>\n\t\t\t\t\t<\/div>\n\t\t","protected":false},"excerpt":{"rendered":"<p><span style=\"font-weight: 400;\">Greitai plaukus glotninanti kauk\u0117, kuri akimirksniu suteikia \u0161velnumo ir tiesi\u0173 plauk\u0173 efekt\u0105! Padeda suvaldyti p\u016bstis ir \u0161iau\u0161tis linkusius plaukus, palengvina tiesinimo proces\u0105, o\u00a0 rezultatas &#8211;\u00a0 glotn\u016bs ir lyg\u016bs plaukai vos per 30 sekund\u017ei\u0173!<\/span><\/p>\n","protected":false},"featured_media":11105,"comment_status":"open","ping_status":"closed","template":"","meta":{"om_disable_all_campaigns":false},"product_brand":[],"product_cat":[44,38],"product_tag":[],"class_list":{"0":"post-11104","1":"product","2":"type-product","3":"status-publish","4":"has-post-thumbnail","6":"product_cat-mini-produktai","7":"product_cat-plauku-kaukes","9":"first","10":"instock","11":"shipping-taxable","12":"purchasable","13":"product-type-variable","14":"add-to-wishlist-before_image"},"aioseo_notices":[],"_links":{"self":[{"href":"https:\/\/kasperindre.lt\/index.php?rest_route=\/wp\/v2\/product\/11104","targetHints":{"allow":["GET"]}}],"collection":[{"href":"https:\/\/kasperindre.lt\/index.php?rest_route=\/wp\/v2\/product"}],"about":[{"href":"https:\/\/kasperindre.lt\/index.php?rest_route=\/wp\/v2\/types\/product"}],"replies":[{"embeddable":true,"href":"https:\/\/kasperindre.lt\/index.php?rest_route=%2Fwp%2Fv2%2Fcomments&post=11104"}],"version-history":[{"count":5,"href":"https:\/\/kasperindre.lt\/index.php?rest_route=\/wp\/v2\/product\/11104\/revisions"}],"predecessor-version":[{"id":11113,"href":"https:\/\/kasperindre.lt\/index.php?rest_route=\/wp\/v2\/product\/11104\/revisions\/11113"}],"wp:featuredmedia":[{"embeddable":true,"href":"https:\/\/kasperindre.lt\/index.php?rest_route=\/wp\/v2\/media\/11105"}],"wp:attachment":[{"href":"https:\/\/kasperindre.lt\/index.php?rest_route=%2Fwp%2Fv2%2Fmedia&parent=11104"}],"wp:term":[{"taxonomy":"product_brand","embeddable":true,"href":"https:\/\/kasperindre.lt\/index.php?rest_route=%2Fwp%2Fv2%2Fproduct_brand&post=11104"},{"taxonomy":"product_cat","embeddable":true,"href":"https:\/\/kasperindre.lt\/index.php?rest_route=%2Fwp%2Fv2%2Fproduct_cat&post=11104"},{"taxonomy":"product_tag","embeddable":true,"href":"https:\/\/kasperindre.lt\/index.php?rest_route=%2Fwp%2Fv2%2Fproduct_tag&post=11104"}],"curies":[{"name":"wp","href":"https:\/\/api.w.org\/{rel}","templated":true}]}}