{"id":11016,"date":"2024-09-25T14:16:39","date_gmt":"2024-09-25T14:16:39","guid":{"rendered":"https:\/\/kasperindre.lt\/?post_type=product&#038;p=11016"},"modified":"2024-09-27T07:51:33","modified_gmt":"2024-09-27T07:51:33","slug":"drekinancio-sampuno-papildymo-maiselis","status":"publish","type":"product","link":"https:\/\/kasperindre.lt\/?product=drekinancio-sampuno-papildymo-maiselis","title":{"rendered":"DR\u0116KINAN\u010cIO \u0160AMP\u016aNO PAPILDYMO MAI\u0160ELIS"},"content":{"rendered":"\t\t<div data-elementor-type=\"wp-post\" data-elementor-id=\"11016\" class=\"elementor elementor-11016\" data-elementor-settings=\"[]\">\n\t\t\t\t\t\t\t<div class=\"elementor-section-wrap\">\n\t\t\t\t\t\t\t<section class=\"elementor-section elementor-top-section elementor-element elementor-element-609c11f elementor-section-boxed elementor-section-height-default elementor-section-height-default qodef-elementor-content-no\" data-id=\"609c11f\" data-element_type=\"section\">\n\t\t\t\t\t\t<div class=\"elementor-container elementor-column-gap-default\">\n\t\t\t\t\t<div class=\"elementor-column elementor-col-100 elementor-top-column elementor-element elementor-element-71f25286\" data-id=\"71f25286\" data-element_type=\"column\">\n\t\t\t<div class=\"elementor-widget-wrap elementor-element-populated\">\n\t\t\t\t\t\t\t\t<div class=\"elementor-element elementor-element-6702cf9b elementor-widget elementor-widget-text-editor\" data-id=\"6702cf9b\" data-element_type=\"widget\" data-widget_type=\"text-editor.default\">\n\t\t\t\t<div class=\"elementor-widget-container\">\n\t\t\t\t\t\t\t<p>\u0160velnus, gelin\u0117s tekst\u016bros dr\u0117kinantis \u0161amp\u016bnas, susiliej\u0119s su vandeniu virsta \u0161velniomis kremin\u0117mis putomis. Jis skirtas sausiems ir\u00a0 dehidratuotiems plaukams, suteikiant jiems stipr\u0173 dr\u0117kinim\u0105.<\/p><p>\u00a0<\/p><p>Naudodami vienos talpos 500ml pakel\u012f, vietoje dviej\u0173 po 250ml Essential Haircare \u0161amp\u016bno buteliuk\u0173, sunaudojate 74 % ma\u017eiau plastiko.\u00a0Suma\u017einus med\u017eiag\u0173 naudojim\u0105 taip pat suma\u017e\u0117ja CO2 i\u0161metimas, susij\u0119s su med\u017eiag\u0173 ir pakuo\u010di\u0173 gamyba bei pagamintu gamini\u0173 transportavimu.<\/p><h5>Kaip naudoti?<\/h5><p>Taikyti ant dr\u0117gn\u0173 plauk\u0173. Masa\u017euokite \u0161velniai ir nuplaukite. Pakartokite \u0161amp\u016bno u\u017etepim\u0105, tuomet naudokite MOMO kondicionieri\u0173.<\/p><h5>Sudedamosios dalys<\/h5><p>Su Paceco Cartucciaru geltonojo meliono ekstraktu, i\u0161 l\u0117to maisto prezidiumo. Turtingas vandeniu, vitaminais ir mineralin\u0117mis druskomis, suteikia ilgalaik\u012f dr\u0117kinim\u0105.<\/p><p>AQUA \/ WATER \/ EAU, SODIUM C14-16 OLEFIN SULFONATE, SODIUM LAUROYL METHYL ISETHIONATE, COCAMIDOPROPYL BETAINE, SODIUM PCA, DECYL GLUCOSIDE, SODIUM METHYL 2-SULFOLAURATE, LAURAMIDOPROPYLAMINE OXIDE, GLYCERYL OLEATE, COCO-GLUCOSIDE, DISODIUM COCO-GLUCOSIDE SULFOSUCCINATE, BENZYL ALCOHOL, PARFUM \/ FRAGRANCE, POLYSORBATE 20, SODIUM CHLORIDE, PANTHENOL, SODIUM BENZOATE, MYRISTAMIDOPROPYLAMINE OXIDE, DISODIUM 2-SULFOLAURATE, CITRIC ACID, POLYQUATERNIUM-7, GUAR HYDROXYPROPYLTRIMONIUM CHLORIDE, TRISODIUM ETHYLENEDIAMINE DISUCCINATE, TETRASODIUM GLUTAMATE DIACETATE, CUCUMIS MELO FRUIT EXTRACT \/ CUCUMIS MELO (MELON) FRUIT EXTRACT, CI 19140 \/ YELLOW 5, CI 61570 \/ GREEN 5, CI 14700 \/ RED 4.<\/p>\t\t\t\t\t\t<\/div>\n\t\t\t\t<\/div>\n\t\t\t\t\t<\/div>\n\t\t<\/div>\n\t\t\t\t\t\t\t<\/div>\n\t\t<\/section>\n\t\t\t\t\t\t<\/div>\n\t\t\t\t\t<\/div>\n\t\t","protected":false},"excerpt":{"rendered":"<p>\u0160velnus, gelin\u0117s tekst\u016bros dr\u0117kinantis \u0161amp\u016bnas, susiliej\u0119s su vandeniu virsta \u0161velniomis kremin\u0117mis putomis. Jis skirtas sausiems ir\u00a0 dehidratuotiems plaukams, suteikiant jiems stipr\u0173 dr\u0117kinim\u0105.<\/p>\n","protected":false},"featured_media":11017,"comment_status":"open","ping_status":"closed","template":"","meta":{"om_disable_all_campaigns":false},"product_brand":[],"product_cat":[15,98],"product_tag":[],"class_list":{"0":"post-11016","1":"product","2":"type-product","3":"status-publish","4":"has-post-thumbnail","6":"product_cat-sampunai","7":"product_cat-produktai-maiseliuose","9":"first","10":"instock","11":"shipping-taxable","12":"purchasable","13":"product-type-simple","14":"add-to-wishlist-before_image"},"aioseo_notices":[],"_links":{"self":[{"href":"https:\/\/kasperindre.lt\/index.php?rest_route=\/wp\/v2\/product\/11016","targetHints":{"allow":["GET"]}}],"collection":[{"href":"https:\/\/kasperindre.lt\/index.php?rest_route=\/wp\/v2\/product"}],"about":[{"href":"https:\/\/kasperindre.lt\/index.php?rest_route=\/wp\/v2\/types\/product"}],"replies":[{"embeddable":true,"href":"https:\/\/kasperindre.lt\/index.php?rest_route=%2Fwp%2Fv2%2Fcomments&post=11016"}],"version-history":[{"count":4,"href":"https:\/\/kasperindre.lt\/index.php?rest_route=\/wp\/v2\/product\/11016\/revisions"}],"predecessor-version":[{"id":11021,"href":"https:\/\/kasperindre.lt\/index.php?rest_route=\/wp\/v2\/product\/11016\/revisions\/11021"}],"wp:featuredmedia":[{"embeddable":true,"href":"https:\/\/kasperindre.lt\/index.php?rest_route=\/wp\/v2\/media\/11017"}],"wp:attachment":[{"href":"https:\/\/kasperindre.lt\/index.php?rest_route=%2Fwp%2Fv2%2Fmedia&parent=11016"}],"wp:term":[{"taxonomy":"product_brand","embeddable":true,"href":"https:\/\/kasperindre.lt\/index.php?rest_route=%2Fwp%2Fv2%2Fproduct_brand&post=11016"},{"taxonomy":"product_cat","embeddable":true,"href":"https:\/\/kasperindre.lt\/index.php?rest_route=%2Fwp%2Fv2%2Fproduct_cat&post=11016"},{"taxonomy":"product_tag","embeddable":true,"href":"https:\/\/kasperindre.lt\/index.php?rest_route=%2Fwp%2Fv2%2Fproduct_tag&post=11016"}],"curies":[{"name":"wp","href":"https:\/\/api.w.org\/{rel}","templated":true}]}}