{"id":1078,"date":"2020-12-30T13:50:18","date_gmt":"2020-12-30T13:50:18","guid":{"rendered":"https:\/\/passim.qodeinteractive.com\/?post_type=product&#038;p=1078"},"modified":"2024-09-25T14:31:52","modified_gmt":"2024-09-25T14:31:52","slug":"kondicionierius-4","status":"publish","type":"product","link":"https:\/\/kasperindre.lt\/?product=kondicionierius-4","title":{"rendered":"DR\u0116KINANTIS KONDICIONIERIUS PH: 4 | MOMO"},"content":{"rendered":"\t\t<div data-elementor-type=\"wp-post\" data-elementor-id=\"1078\" class=\"elementor elementor-1078\" data-elementor-settings=\"[]\">\n\t\t\t\t\t\t\t<div class=\"elementor-section-wrap\">\n\t\t\t\t\t\t\t<section class=\"elementor-section elementor-top-section elementor-element elementor-element-f30aed5 elementor-section-full_width elementor-section-height-default elementor-section-height-default qodef-elementor-content-no\" data-id=\"f30aed5\" data-element_type=\"section\">\n\t\t\t\t\t\t<div class=\"elementor-container elementor-column-gap-default\">\n\t\t\t\t\t<div class=\"elementor-column elementor-col-100 elementor-top-column elementor-element elementor-element-68fe7cf\" data-id=\"68fe7cf\" data-element_type=\"column\">\n\t\t\t<div class=\"elementor-widget-wrap elementor-element-populated\">\n\t\t\t\t\t\t\t\t<div class=\"elementor-element elementor-element-09d4d32 elementor-widget elementor-widget-text-editor\" data-id=\"09d4d32\" data-element_type=\"widget\" data-widget_type=\"text-editor.default\">\n\t\t\t\t<div class=\"elementor-widget-container\">\n\t\t\t\t\t\t\t<div class=\"easytabs-text\"><p>dehidratuotiems plaukams. Jo dr\u0117kinamoji formul\u0117 yra skirta atstatyti dr\u0117gm\u0117s balans\u0105, suteikti \u0161velnumo bei \u0161ilkini\u0173 plauk\u0173 poj\u016bt\u012f.<\/p><\/div><div id=\"4713318645892\" class=\"easytabs-container tab-widget-4713318645892 easytabs-inited\" data-et-min-width=\"0\" data-et-auto-accordion=\"0\" data-et-cbw=\"1\" data-et-cbr=\"3\" data-et-sta=\"1\" data-et-amp=\"0\" data-et-flx=\"0\" data-et-wt=\"0\" data-et-ao=\"1\" data-et-tabs-width=\"295\"><div class=\"easytabs-holder easytabs-accordion\"><div class=\"easytabs-contents\"><div class=\"easytabs-content-item easytabs-active\" data-et-marker=\"tabs-momo-kondicionierius-ph-4-2\" data-et-handle=\"tabs-kaip-naudoti\"><h5 class=\"easytabs-accordion-item\" tabindex=\"0\" aria-labelledby=\"easytabs-slide-label-4713318645892-0\" aria-selected=\"true\"><a class=\"ui-tabs-anchor js-no-transition\">Kaip naudoti?<\/a><\/h5><div class=\"easytabs-content-holder\" aria-labelledby=\"easytabs-slide-label-4713318645892-0\" aria-expanded=\"true\" aria-hidden=\"false\"><p>Po MOMO \u0161amp\u016bno u\u017etepkite ant rank\u0161luos\u010diu nusausint\u0173 plauk\u0173. Palikite apie 2\u20135 minutes, per\u0161ukuokite, tuomet nuplaukite. I\u0161d\u017eiovinkite plaukus.<\/p><\/div><\/div><div class=\"easytabs-content-item\" data-et-marker=\"tabs-momo-kondicionierius-ph-4-3\" data-et-handle=\"tabs-sudedamosios-dalys\"><div class=\"easytabs-accordion-item\" tabindex=\"-1\" aria-labelledby=\"easytabs-slide-label-4713318645892-1\" aria-selected=\"false\"><h5 class=\"easytabs-accordion-item\" tabindex=\"0\" aria-labelledby=\"easytabs-slide-label-4713318645892-1\" aria-selected=\"true\"><a class=\"ui-tabs-anchor js-no-transition\">Sudedamosios dalys<\/a><\/h5><div class=\"easytabs-content-holder\" aria-labelledby=\"easytabs-slide-label-4713318645892-1\" aria-expanded=\"true\" aria-hidden=\"false\"><p>Su Paceco Cartucciaru geltonojo meliono ekstraktu, i\u0161 l\u0117to maisto prezidiumo. Turtingas vandeniu, vitaminais ir mineralin\u0117mis druskomis, suteikia ilgalaik\u012f dr\u0117kinim\u0105.<\/p><span class=\"specifics__item\"><span class=\"specifics__container\"><span class=\"specifics__list ingredients\">AQUA \/ WATER \/ EAU, CETEARYL ALCOHOL, GLYCERIN, CETYL ALCOHOL, CETRIMONIUM CHLORIDE, BEHENTRIMONIUM CHLORIDE, BEHENYL ALCOHOL, DIMETHICONE, BENZYL ALCOHOL, PARFUM \/ FRAGRANCE, SIMMONDSIA CHINENSIS SEED OIL \/ SIMMONDSIA CHINENSIS (JOJOBA) SEED OIL, DICAPRYLYL ETHER, LAURYL ALCOHOL, PANTHENOL, HYDROXYETHYLCELLULOSE, SODIUM BENZOATE, DISODIUM EDTA, CITRIC ACID, AMODIMETHICONE, TOCOPHEROL, CUCUMIS MELO FRUIT EXTRACT \/ CUCUMIS MELO (MELON) FRUIT EXTRACT, CI 19140 \/ YELLOW 5, CI 61570 \/ GREEN 5, CI 17200 \/ RED 33.<\/span><\/span><\/span><\/div><\/div><\/div><\/div><\/div><\/div>\t\t\t\t\t\t<\/div>\n\t\t\t\t<\/div>\n\t\t\t\t\t<\/div>\n\t\t<\/div>\n\t\t\t\t\t\t\t<\/div>\n\t\t<\/section>\n\t\t\t\t\t\t<\/div>\n\t\t\t\t\t<\/div>\n\t\t","protected":false},"excerpt":{"rendered":"<div class=\"easytabs-text\">\n<p>Kondicionierius sausiems bei dr\u0117gm\u0119 praradusiems, dehidratuotiems plaukams. Jo dr\u0117kinamoji formul\u0117 yra skirta atstatyti dr\u0117gm\u0117s balans\u0105, suteikti \u0161velnumo bei \u0161ilkini\u0173 plauk\u0173 poj\u016bt\u012f.<\/p>\n<\/div>\n<div id=\"4713318645892\" class=\"easytabs-container tab-widget-4713318645892 easytabs-inited\" data-et-min-width=\"0\" data-et-auto-accordion=\"0\" data-et-cbw=\"1\" data-et-cbr=\"3\" data-et-sta=\"1\" data-et-amp=\"0\" data-et-flx=\"0\" data-et-wt=\"0\" data-et-ao=\"1\" data-et-tabs-width=\"295\">\n<div class=\"easytabs-holder easytabs-accordion\">\n<div class=\"easytabs-contents\"><\/div>\n<\/div>\n<\/div>\n","protected":false},"featured_media":9974,"comment_status":"open","ping_status":"closed","template":"","meta":{"om_disable_all_campaigns":false},"product_brand":[],"product_cat":[44,30],"product_tag":[28,68,69,49],"class_list":{"0":"post-1078","1":"product","2":"type-product","3":"status-publish","4":"has-post-thumbnail","6":"product_cat-mini-produktai","7":"product_cat-kondicionieriai","8":"product_tag-dazyti-plaukai","9":"product_tag-normalus-plaukai","10":"product_tag-pleiskanojanti-galvos-oda","11":"product_tag-ploni-plaukai","13":"first","14":"instock","15":"shipping-taxable","16":"purchasable","17":"product-type-variable","18":"add-to-wishlist-before_image"},"aioseo_notices":[],"_links":{"self":[{"href":"https:\/\/kasperindre.lt\/index.php?rest_route=\/wp\/v2\/product\/1078","targetHints":{"allow":["GET"]}}],"collection":[{"href":"https:\/\/kasperindre.lt\/index.php?rest_route=\/wp\/v2\/product"}],"about":[{"href":"https:\/\/kasperindre.lt\/index.php?rest_route=\/wp\/v2\/types\/product"}],"replies":[{"embeddable":true,"href":"https:\/\/kasperindre.lt\/index.php?rest_route=%2Fwp%2Fv2%2Fcomments&post=1078"}],"version-history":[{"count":5,"href":"https:\/\/kasperindre.lt\/index.php?rest_route=\/wp\/v2\/product\/1078\/revisions"}],"predecessor-version":[{"id":11061,"href":"https:\/\/kasperindre.lt\/index.php?rest_route=\/wp\/v2\/product\/1078\/revisions\/11061"}],"wp:featuredmedia":[{"embeddable":true,"href":"https:\/\/kasperindre.lt\/index.php?rest_route=\/wp\/v2\/media\/9974"}],"wp:attachment":[{"href":"https:\/\/kasperindre.lt\/index.php?rest_route=%2Fwp%2Fv2%2Fmedia&parent=1078"}],"wp:term":[{"taxonomy":"product_brand","embeddable":true,"href":"https:\/\/kasperindre.lt\/index.php?rest_route=%2Fwp%2Fv2%2Fproduct_brand&post=1078"},{"taxonomy":"product_cat","embeddable":true,"href":"https:\/\/kasperindre.lt\/index.php?rest_route=%2Fwp%2Fv2%2Fproduct_cat&post=1078"},{"taxonomy":"product_tag","embeddable":true,"href":"https:\/\/kasperindre.lt\/index.php?rest_route=%2Fwp%2Fv2%2Fproduct_tag&post=1078"}],"curies":[{"name":"wp","href":"https:\/\/api.w.org\/{rel}","templated":true}]}}