{"id":10538,"date":"2021-08-07T11:50:54","date_gmt":"2021-08-07T11:50:54","guid":{"rendered":"http:\/\/kasperindre.lt\/?post_type=product&#038;p=10538"},"modified":"2024-09-27T07:44:43","modified_gmt":"2024-09-27T07:44:43","slug":"formuojantis-tonikas","status":"publish","type":"product","link":"https:\/\/kasperindre.lt\/?product=formuojantis-tonikas","title":{"rendered":"FORMUOJANTIS TONIKAS I MORE INSIDE"},"content":{"rendered":"\t\t<div data-elementor-type=\"wp-post\" data-elementor-id=\"10538\" class=\"elementor elementor-10538\" data-elementor-settings=\"[]\">\n\t\t\t\t\t\t\t<div class=\"elementor-section-wrap\">\n\t\t\t\t\t\t\t<section class=\"elementor-section elementor-top-section elementor-element elementor-element-12a0ddd4 elementor-section-boxed elementor-section-height-default elementor-section-height-default qodef-elementor-content-no\" data-id=\"12a0ddd4\" data-element_type=\"section\">\n\t\t\t\t\t\t<div class=\"elementor-container elementor-column-gap-default\">\n\t\t\t\t\t<div class=\"elementor-column elementor-col-100 elementor-top-column elementor-element elementor-element-2afb7b99\" data-id=\"2afb7b99\" data-element_type=\"column\">\n\t\t\t<div class=\"elementor-widget-wrap elementor-element-populated\">\n\t\t\t\t\t\t\t\t<div class=\"elementor-element elementor-element-1b6ef30e elementor-widget elementor-widget-text-editor\" data-id=\"1b6ef30e\" data-element_type=\"widget\" data-widget_type=\"text-editor.default\">\n\t\t\t\t<div class=\"elementor-widget-container\">\n\t\t\t\t\t\t\t<div class=\"easytabs-text\"><p>Tai lengvas, pur\u0161kiamas formuojantis tonikas, kuris suteikia plaukams tekst\u016bros, tarnauja kaip apsaugantis nuo kar\u0161\u010dio pur\u0161kiklis, apsaugo nuo dr\u0117gm\u0117s, trumpina plauk\u0173 d\u017eiovinimo laik\u0105 bei suteikia nat\u016bralaus \u017evilgesio plaukams.<\/p><\/div><div id=\"5635824353442\" class=\"easytabs-container tab-widget-5635824353442 easytabs-inited\" data-et-min-width=\"0\" data-et-auto-accordion=\"0\" data-et-cbw=\"1\" data-et-cbr=\"3\" data-et-sta=\"1\" data-et-amp=\"0\" data-et-flx=\"0\" data-et-wt=\"0\" data-et-ao=\"1\" data-et-tabs-width=\"295\"><div class=\"easytabs-holder easytabs-accordion\"><div class=\"easytabs-contents\"><div class=\"easytabs-content-item easytabs-active\" data-et-marker=\"tabs-this-is-a-blow-dry-primer-2\" data-et-handle=\"tabs-kaip-naudoti\"><h5 class=\"easytabs-accordion-item\" tabindex=\"0\" aria-labelledby=\"easytabs-slide-label-5635824353442-0\" aria-selected=\"true\"><a class=\"ui-tabs-anchor js-no-transition\">Kaip naudoti?<\/a><\/h5><div class=\"easytabs-content-holder\" aria-labelledby=\"easytabs-slide-label-5635824353442-0\" aria-expanded=\"true\" aria-hidden=\"false\"><p>Papurk\u0161kite nuo 5 iki 20 kart\u0173 ant dr\u0117gn\u0173 arba rank\u0161luo\u0161\u010diu nusausint\u0173 plauk\u0173. Prad\u0117kite nuo \u0161akn\u0173 ir purk\u0161kite iki galiuk\u0173. NENUSKALAUKITE, formuokite tik dr\u0117gnus plaukus. Saugoti nuo vaik\u0173. Nepurk\u0161ti ant veido ar aki\u0173.<\/p><\/div><\/div><div class=\"easytabs-content-item\" data-et-marker=\"tabs-this-is-a-blow-dry-primer-3\" data-et-handle=\"tabs-sudedamosios-dalys\"><h5 class=\"easytabs-accordion-item\" tabindex=\"-1\" aria-labelledby=\"easytabs-slide-label-5635824353442-1\" aria-selected=\"false\"><a class=\"ui-tabs-anchor js-no-transition\">Sudedamosios dalys<\/a><\/h5><p>AQUA \/ WATER \/ EAU, ALCOHOL DENAT., VP\/VA COPOLYMER, PANTHENOL, DECYL GLUCOSIDE, POLYSORBATE 20, POLYQUATERNIUM-69, PARFUM \/ FRAGRANCE, POLYQUATERNIUM-11, LIMONENE, LINALOOL, CITRIC ACID, HEXYL CINNAMAL, GERANIOL, HYDROXYCITRONELLAL, ALPHA-ISOMETHYL IONONE, CITRAL, TRIETHANOLAMINE, BENZYL BENZOATE.<\/p><\/div><\/div><\/div><\/div>\t\t\t\t\t\t<\/div>\n\t\t\t\t<\/div>\n\t\t\t\t\t<\/div>\n\t\t<\/div>\n\t\t\t\t\t\t\t<\/div>\n\t\t<\/section>\n\t\t\t\t\t\t<\/div>\n\t\t\t\t\t<\/div>\n\t\t","protected":false},"excerpt":{"rendered":"<div class=\"easytabs-text\">\n<p>Tai lengvas, pur\u0161kiamas formuojantis tonikas, kuris suteikia plaukams tekst\u016bros, tarnauja kaip apsaugantis nuo kar\u0161\u010dio pur\u0161kiklis, apsaugo nuo dr\u0117gm\u0117s, trumpina plauk\u0173 d\u017eiovinimo laik\u0105 bei suteikia nat\u016bralaus \u017evilgesio plaukams.<\/p>\n<\/div>\n","protected":false},"featured_media":10539,"comment_status":"open","ping_status":"closed","template":"","meta":{"om_disable_all_campaigns":false},"product_brand":[],"product_cat":[44,43],"product_tag":[],"class_list":{"0":"post-10538","1":"product","2":"type-product","3":"status-publish","4":"has-post-thumbnail","6":"product_cat-mini-produktai","7":"product_cat-plauku-stilizavimo-priemones","9":"first","10":"instock","11":"shipping-taxable","12":"purchasable","13":"product-type-variable","14":"add-to-wishlist-before_image"},"aioseo_notices":[],"_links":{"self":[{"href":"https:\/\/kasperindre.lt\/index.php?rest_route=\/wp\/v2\/product\/10538","targetHints":{"allow":["GET"]}}],"collection":[{"href":"https:\/\/kasperindre.lt\/index.php?rest_route=\/wp\/v2\/product"}],"about":[{"href":"https:\/\/kasperindre.lt\/index.php?rest_route=\/wp\/v2\/types\/product"}],"replies":[{"embeddable":true,"href":"https:\/\/kasperindre.lt\/index.php?rest_route=%2Fwp%2Fv2%2Fcomments&post=10538"}],"version-history":[{"count":5,"href":"https:\/\/kasperindre.lt\/index.php?rest_route=\/wp\/v2\/product\/10538\/revisions"}],"predecessor-version":[{"id":11130,"href":"https:\/\/kasperindre.lt\/index.php?rest_route=\/wp\/v2\/product\/10538\/revisions\/11130"}],"wp:featuredmedia":[{"embeddable":true,"href":"https:\/\/kasperindre.lt\/index.php?rest_route=\/wp\/v2\/media\/10539"}],"wp:attachment":[{"href":"https:\/\/kasperindre.lt\/index.php?rest_route=%2Fwp%2Fv2%2Fmedia&parent=10538"}],"wp:term":[{"taxonomy":"product_brand","embeddable":true,"href":"https:\/\/kasperindre.lt\/index.php?rest_route=%2Fwp%2Fv2%2Fproduct_brand&post=10538"},{"taxonomy":"product_cat","embeddable":true,"href":"https:\/\/kasperindre.lt\/index.php?rest_route=%2Fwp%2Fv2%2Fproduct_cat&post=10538"},{"taxonomy":"product_tag","embeddable":true,"href":"https:\/\/kasperindre.lt\/index.php?rest_route=%2Fwp%2Fv2%2Fproduct_tag&post=10538"}],"curies":[{"name":"wp","href":"https:\/\/api.w.org\/{rel}","templated":true}]}}