{"id":10335,"date":"2021-08-06T10:35:21","date_gmt":"2021-08-06T10:35:21","guid":{"rendered":"http:\/\/kasperindre.lt\/?post_type=product&#038;p=10335"},"modified":"2024-09-26T19:08:29","modified_gmt":"2024-09-26T19:08:29","slug":"plauku-kauke-9","status":"publish","type":"product","link":"https:\/\/kasperindre.lt\/?product=plauku-kauke-9","title":{"rendered":"PLAUK\u0172 KAUK\u0116 DA\u017dYTIEMS PLAUKAMS PH: 4 | MINU"},"content":{"rendered":"\t\t<div data-elementor-type=\"wp-post\" data-elementor-id=\"10335\" class=\"elementor elementor-10335\" data-elementor-settings=\"[]\">\n\t\t\t\t\t\t\t<div class=\"elementor-section-wrap\">\n\t\t\t\t\t\t\t<section class=\"elementor-section elementor-top-section elementor-element elementor-element-5f92ff5 elementor-section-boxed elementor-section-height-default elementor-section-height-default qodef-elementor-content-no\" data-id=\"5f92ff5\" data-element_type=\"section\">\n\t\t\t\t\t\t<div class=\"elementor-container elementor-column-gap-default\">\n\t\t\t\t\t<div class=\"elementor-column elementor-col-100 elementor-top-column elementor-element elementor-element-8172b59\" data-id=\"8172b59\" data-element_type=\"column\">\n\t\t\t<div class=\"elementor-widget-wrap elementor-element-populated\">\n\t\t\t\t\t\t\t\t<div class=\"elementor-element elementor-element-5f8c950 elementor-widget elementor-widget-text-editor\" data-id=\"5f8c950\" data-element_type=\"widget\" data-widget_type=\"text-editor.default\">\n\t\t\t\t<div class=\"elementor-widget-container\">\n\t\t\t\t\t\t\t<div class=\"easytabs-text\"><p>Tai rekonstruojanti kauk\u0117 da\u017eytiems plaukams. Jos formul\u0117 yra skirta giliai maitinti da\u017eytus\u00a0 plaukus, suteikti jiems \u0161ilko \u0161velnumo.<\/p><\/div><div id=\"4713292660868\" class=\"easytabs-container tab-widget-4713292660868 easytabs-inited\" data-et-min-width=\"0\" data-et-auto-accordion=\"0\" data-et-cbw=\"1\" data-et-cbr=\"3\" data-et-sta=\"1\" data-et-amp=\"0\" data-et-flx=\"0\" data-et-wt=\"0\" data-et-ao=\"1\" data-et-tabs-width=\"295\"><div class=\"easytabs-holder easytabs-accordion\"><div class=\"easytabs-contents\"><div class=\"easytabs-content-item easytabs-active\" data-et-marker=\"tabs-minu-plauku-kauke-ph-4-2\" data-et-handle=\"tabs-kaip-naudoti\"><h5 class=\"easytabs-accordion-item\" tabindex=\"0\" aria-labelledby=\"easytabs-slide-label-4713292660868-0\" aria-selected=\"true\"><a class=\"ui-tabs-anchor js-no-transition\">Kaip naudoti?<\/a><\/h5><div class=\"easytabs-content-holder\" aria-labelledby=\"easytabs-slide-label-4713292660868-0\" aria-expanded=\"true\" aria-hidden=\"false\"><p>Tolygiai paskirstykite produkt\u0105 ant MINU \u0161amp\u016bnu i\u0161plaut\u0173 ir rank\u0161luos\u010diu nusausint\u0173 plauk\u0173. Palikite 10\u201315 min., i\u0161\u0161ukuokite, kruop\u0161\u010diai nuskalaukite. Tuomet formuokite norim\u0105 stili\u0173.<\/p><\/div><\/div><div class=\"easytabs-content-item\" data-et-marker=\"tabs-minu-plauku-kauke-ph-4-3\" data-et-handle=\"tabs-sudedamosios-dalys\"><h5 class=\"easytabs-accordion-item\" tabindex=\"-1\" aria-labelledby=\"easytabs-slide-label-4713292660868-1\" aria-selected=\"false\"><a class=\"ui-tabs-anchor js-no-transition\">Sudedamosios dalys<\/a><\/h5><p>Su Salina kapar\u0117li\u0173 \u017eied\u0173 ekstraktu, i\u0161 &#8222;L\u0117to maisto prezidiumo&#8221;. Gausu kvercetino su plauk\u0173 spalv\u0105 apsaugan\u010diais polifenoliais.<\/p><p>AQUA \/ WATER \/ EAU, CETEARYL ALCOHOL, GLYCERIN, BEHENTRIMONIUM CHLORIDE, CETRIMONIUM CHLORIDE, BEHENETH-25, GLYCERYL STEARATE, PROPANEDIOL, DIMETHICONE, BEHENTRIMONIUM METHOSULFATE, PARFUM \/ FRAGRANCE, ISOPROPYL ALCOHOL, AMODIMETHICONE\/SILSESQUIOXANE COPOLYMER, BENZYL ALCOHOL, BUTYROSPERMUM PARKII BUTTER \/ BUTYROSPERMUM PARKII (SHEA) BUTTER, PENTAERYTHRITYL TETRA-DI-T-BUTYL HYDROXYHYDROCINNAMATE, TRIDECETH-5, DISODIUM EDTA, HYDROXYETHYLCELLULOSE, SODIUM BENZOATE, LINALOOL, DIMETHICONOL, ALCOHOL, TOCOPHEROL, CITRIC ACID, SCLEROTIUM GUM, TRIS(TETRAMET HYLHYDROXYPIPERIDINOL) CITRATE, CAPPARIS SPINOSA FRUIT EXTRACT, PHENOXYETHANOL, GERANIOL, CYCLOHEXASILOXANE, CYCLOPENTASILOXANE, CAPRYLYL GLYCOL, CI 61570 \/ GREEN 5, CAPRYLHYDROXAMIC ACID, CI 60730 \/ ACID VIOLET 43, CI 19140 \/ YELLOW 5<\/p><\/div><\/div><\/div><\/div>\t\t\t\t\t\t<\/div>\n\t\t\t\t<\/div>\n\t\t\t\t\t<\/div>\n\t\t<\/div>\n\t\t\t\t\t\t\t<\/div>\n\t\t<\/section>\n\t\t\t\t\t\t<\/div>\n\t\t\t\t\t<\/div>\n\t\t","protected":false},"excerpt":{"rendered":"<div class=\"easytabs-text\">\n<p>Tai rekonstruojanti kauk\u0117 da\u017eytiems plaukams. Jos formul\u0117 yra skirta giliai maitinti da\u017eytus\u00a0 plaukus, suteikti jiems \u0161ilko \u0161velnumo.<\/p>\n<\/div>\n","protected":false},"featured_media":10336,"comment_status":"open","ping_status":"closed","template":"","meta":{"om_disable_all_campaigns":false},"product_brand":[],"product_cat":[44,38],"product_tag":[28,29],"class_list":{"0":"post-10335","1":"product","2":"type-product","3":"status-publish","4":"has-post-thumbnail","6":"product_cat-mini-produktai","7":"product_cat-plauku-kaukes","8":"product_tag-dazyti-plaukai","9":"product_tag-siaustis-linke-plaukai","11":"first","12":"instock","13":"shipping-taxable","14":"purchasable","15":"product-type-variable","16":"add-to-wishlist-before_image"},"aioseo_notices":[],"_links":{"self":[{"href":"https:\/\/kasperindre.lt\/index.php?rest_route=\/wp\/v2\/product\/10335","targetHints":{"allow":["GET"]}}],"collection":[{"href":"https:\/\/kasperindre.lt\/index.php?rest_route=\/wp\/v2\/product"}],"about":[{"href":"https:\/\/kasperindre.lt\/index.php?rest_route=\/wp\/v2\/types\/product"}],"replies":[{"embeddable":true,"href":"https:\/\/kasperindre.lt\/index.php?rest_route=%2Fwp%2Fv2%2Fcomments&post=10335"}],"version-history":[{"count":5,"href":"https:\/\/kasperindre.lt\/index.php?rest_route=\/wp\/v2\/product\/10335\/revisions"}],"predecessor-version":[{"id":11116,"href":"https:\/\/kasperindre.lt\/index.php?rest_route=\/wp\/v2\/product\/10335\/revisions\/11116"}],"wp:featuredmedia":[{"embeddable":true,"href":"https:\/\/kasperindre.lt\/index.php?rest_route=\/wp\/v2\/media\/10336"}],"wp:attachment":[{"href":"https:\/\/kasperindre.lt\/index.php?rest_route=%2Fwp%2Fv2%2Fmedia&parent=10335"}],"wp:term":[{"taxonomy":"product_brand","embeddable":true,"href":"https:\/\/kasperindre.lt\/index.php?rest_route=%2Fwp%2Fv2%2Fproduct_brand&post=10335"},{"taxonomy":"product_cat","embeddable":true,"href":"https:\/\/kasperindre.lt\/index.php?rest_route=%2Fwp%2Fv2%2Fproduct_cat&post=10335"},{"taxonomy":"product_tag","embeddable":true,"href":"https:\/\/kasperindre.lt\/index.php?rest_route=%2Fwp%2Fv2%2Fproduct_tag&post=10335"}],"curies":[{"name":"wp","href":"https:\/\/api.w.org\/{rel}","templated":true}]}}