{"id":10226,"date":"2021-08-06T09:13:38","date_gmt":"2021-08-06T09:13:38","guid":{"rendered":"http:\/\/kasperindre.lt\/?post_type=product&#038;p=10226"},"modified":"2024-09-26T16:18:42","modified_gmt":"2024-09-26T16:18:42","slug":"plauku-purskikliai-2","status":"publish","type":"product","link":"https:\/\/kasperindre.lt\/?product=plauku-purskikliai-2","title":{"rendered":"PLAUK\u0172 GAUSUMO PUR\u0160KIKLIS PH: 5.2 | VOLU"},"content":{"rendered":"\t\t<div data-elementor-type=\"wp-post\" data-elementor-id=\"10226\" class=\"elementor elementor-10226\" data-elementor-settings=\"[]\">\n\t\t\t\t\t\t\t<div class=\"elementor-section-wrap\">\n\t\t\t\t\t\t\t<section class=\"elementor-section elementor-top-section elementor-element elementor-element-8f9e935 elementor-section-boxed elementor-section-height-default elementor-section-height-default qodef-elementor-content-no\" data-id=\"8f9e935\" data-element_type=\"section\">\n\t\t\t\t\t\t<div class=\"elementor-container elementor-column-gap-default\">\n\t\t\t\t\t<div class=\"elementor-column elementor-col-100 elementor-top-column elementor-element elementor-element-c8680a0\" data-id=\"c8680a0\" data-element_type=\"column\">\n\t\t\t<div class=\"elementor-widget-wrap elementor-element-populated\">\n\t\t\t\t\t\t\t\t<div class=\"elementor-element elementor-element-e482f94 elementor-widget elementor-widget-text-editor\" data-id=\"e482f94\" data-element_type=\"widget\" data-widget_type=\"text-editor.default\">\n\t\t\t\t<div class=\"elementor-widget-container\">\n\t\t\t\t\t\t\t<div class=\"easytabs-text\"><p>Nenuplaunamas plauk\u0173 pur\u0161kiklis, kuris pakelia plaukus nuo \u0161akn\u0173, neapsunkina, suteikia purumo, mink\u0161tumo ir \u017evilgesio. Tinka vis\u0173 tip\u0173 plaukams.<\/p><\/div><div id=\"4713333751940\" class=\"easytabs-container tab-widget-4713333751940 easytabs-inited\" data-et-min-width=\"0\" data-et-auto-accordion=\"0\" data-et-cbw=\"1\" data-et-cbr=\"3\" data-et-sta=\"1\" data-et-amp=\"0\" data-et-flx=\"0\" data-et-wt=\"0\" data-et-ao=\"1\" data-et-tabs-width=\"295\"><div class=\"easytabs-holder easytabs-accordion\"><div class=\"easytabs-contents\"><div class=\"easytabs-content-item easytabs-active\" data-et-marker=\"tabs-volu-plauku-purskiklis-ph-5-2-2\" data-et-handle=\"tabs-kaip-naudoti\"><h5 class=\"easytabs-accordion-item\" tabindex=\"0\" aria-labelledby=\"easytabs-slide-label-4713333751940-0\" aria-selected=\"true\"><a class=\"ui-tabs-anchor js-no-transition\">Kaip naudoti?<\/a><\/h5><div class=\"easytabs-content-holder\" aria-labelledby=\"easytabs-slide-label-4713333751940-0\" aria-expanded=\"true\" aria-hidden=\"false\"><p>Tolygiai paskirstykite produkt\u0105 ant VOLU \u0161amp\u016bnu i\u0161plaut\u0173 ir rank\u0161luos\u010diu nusausint\u0173 plauk\u0173. Prad\u0117kite purk\u0161ti dr\u0117gnus plaukus nuo \u0161akn\u0173, tada \u0161ukuokite juos per vis\u0105 ilg\u012f. Nor\u0117dami padidinti plauk\u0173 apimt\u012f, nedidel\u012f produkto kiek\u012f paskirstykite and gal\u0173. Tada i\u0161d\u017eiovinkite.<\/p><h5 class=\"easytabs-accordion-item\" tabindex=\"0\" aria-labelledby=\"easytabs-slide-label-4713333751940-1\" aria-selected=\"true\"><a class=\"ui-tabs-anchor js-no-transition\">Sudedamosios dalys<\/a><\/h5><div class=\"easytabs-content-holder\" aria-labelledby=\"easytabs-slide-label-4713333751940-1\" aria-expanded=\"true\" aria-hidden=\"false\"><p>Su ropi\u0173 ekstraktu i\u0161 Kapraunos regiono, i\u0161 &#8222;L\u0117to maisto prezidiumo&#8221;. Linijoje gausu mineral\u0173, toki\u0173 kaip fosforas, gele\u017eis, kalcis ir vitaminai A, B ir C, jie suteikia plaukams tekst\u016bros ir apimties.<\/p><span class=\"specifics__item\"><span class=\"specifics__container\"><span class=\"specifics__list ingredients\">AQUA \/ WATER \/ EAU, ALCOHOL DENAT., POLYSORBATE 20, VP\/VA COPOLYMER, PANTHENOL, PROPYLENE GLYCOL, POLYQUATERNIUM-4\/HYDROXYPROPYL STARCH COPOLYMER, BENZYL ALCOHOL, LAURDIMONIUM HYDROXYPROPYL HYDROLYZED KERATIN, SODIUM BENZOATE, PARFUM \/ FRAGRANCE, DISODIUM EDTA, GLYCERIN, CITRIC ACID, PHENOXYETHANOL, POLYQUATERNIUM-11, BRASSICA RAPA ROOT EXTRACT \/ BRASSICA RAPA (TURNIP) ROOT EXTRACT, ALCOHOL, TRIS(TETRAMETHYLHYDROXYPIPERIDINOL) CITRATE, LINALOOL, HEXYL CINNAMAL, CAPRYLYL GLYCOL, CI 60730 \/ EXT. VIOLET 2.<\/span><\/span><\/span><\/div><\/div><\/div><\/div><\/div><\/div>\t\t\t\t\t\t<\/div>\n\t\t\t\t<\/div>\n\t\t\t\t\t<\/div>\n\t\t<\/div>\n\t\t\t\t\t\t\t<\/div>\n\t\t<\/section>\n\t\t\t\t\t\t<\/div>\n\t\t\t\t\t<\/div>\n\t\t","protected":false},"excerpt":{"rendered":"<p>Nenuplaunamas plauk\u0173 pur\u0161kiklis, kuris pakelia plaukus nuo \u0161akn\u0173, neapsunkina, suteikia purumo, mink\u0161tumo ir \u017evilgesio. Tinka vis\u0173 tip\u0173 plaukams.<\/p>\n","protected":false},"featured_media":10227,"comment_status":"open","ping_status":"closed","template":"","meta":{"om_disable_all_campaigns":false},"product_brand":[],"product_cat":[39],"product_tag":[28,33,68,49],"class_list":{"0":"post-10226","1":"product","2":"type-product","3":"status-publish","4":"has-post-thumbnail","6":"product_cat-plauku-lakai-ir-purskikliai","7":"product_tag-dazyti-plaukai","8":"product_tag-garbanoti-plaukai","9":"product_tag-normalus-plaukai","10":"product_tag-ploni-plaukai","12":"first","13":"instock","14":"shipping-taxable","15":"purchasable","16":"product-type-simple","17":"add-to-wishlist-before_image"},"aioseo_notices":[],"_links":{"self":[{"href":"https:\/\/kasperindre.lt\/index.php?rest_route=\/wp\/v2\/product\/10226","targetHints":{"allow":["GET"]}}],"collection":[{"href":"https:\/\/kasperindre.lt\/index.php?rest_route=\/wp\/v2\/product"}],"about":[{"href":"https:\/\/kasperindre.lt\/index.php?rest_route=\/wp\/v2\/types\/product"}],"replies":[{"embeddable":true,"href":"https:\/\/kasperindre.lt\/index.php?rest_route=%2Fwp%2Fv2%2Fcomments&post=10226"}],"version-history":[{"count":5,"href":"https:\/\/kasperindre.lt\/index.php?rest_route=\/wp\/v2\/product\/10226\/revisions"}],"predecessor-version":[{"id":11092,"href":"https:\/\/kasperindre.lt\/index.php?rest_route=\/wp\/v2\/product\/10226\/revisions\/11092"}],"wp:featuredmedia":[{"embeddable":true,"href":"https:\/\/kasperindre.lt\/index.php?rest_route=\/wp\/v2\/media\/10227"}],"wp:attachment":[{"href":"https:\/\/kasperindre.lt\/index.php?rest_route=%2Fwp%2Fv2%2Fmedia&parent=10226"}],"wp:term":[{"taxonomy":"product_brand","embeddable":true,"href":"https:\/\/kasperindre.lt\/index.php?rest_route=%2Fwp%2Fv2%2Fproduct_brand&post=10226"},{"taxonomy":"product_cat","embeddable":true,"href":"https:\/\/kasperindre.lt\/index.php?rest_route=%2Fwp%2Fv2%2Fproduct_cat&post=10226"},{"taxonomy":"product_tag","embeddable":true,"href":"https:\/\/kasperindre.lt\/index.php?rest_route=%2Fwp%2Fv2%2Fproduct_tag&post=10226"}],"curies":[{"name":"wp","href":"https:\/\/api.w.org\/{rel}","templated":true}]}}